{"id":96,"date":"2020-11-12T14:05:45","date_gmt":"2020-11-12T14:05:45","guid":{"rendered":"https:\/\/bloopix.com.br\/cabt2\/lojatp\/?post_type=product&#038;p=96"},"modified":"2026-04-04T16:15:30","modified_gmt":"2026-04-04T19:15:30","slug":"a-ilha-proibida","status":"publish","type":"product","link":"https:\/\/cabanadoelfo.com.br\/loja\/jogo\/a-ilha-proibida\/","title":{"rendered":"A Ilha Proibida"},"content":{"rendered":"<p>Atreva-se a descobrir a Ilha Proibida!<\/p>\n<p>Una-se a um grupo de ousados aventureiros em uma miss\u00e3o de vida ou morte para recuperar quatro tesouros sagrados das ru\u00ednas deste perigoso para\u00edso. Os membros de sua equipe ter\u00e3o de manter a calma e colaborar uns com os outros enquanto enfrentam situa\u00e7\u00f5es trepidantes porque a ilha est\u00e1 afundando a cada momento que passa. Re\u00fana rapidamente os tesouros e fa\u00e7a uma sa\u00edda triunfal antes de ser engolido pelas \u00e1guas abissais!<\/p>\n<p>A Ilha Proibida \u00e9 um emocionante jogo cooperativo no qual os participantes t\u00eam de encontrar os tesouros de uma m\u00edtica ilha misteriosa, antes que as \u00e1guas a cubram por completo.<\/p>\n<p>Os jogadores se revezam movendo seus pe\u00f5es em torno da &#8220;ilha&#8221;, que \u00e9 composta por um conjunto de cart\u00f5es dispostos aleatoriamente. \u00c0 medida que o jogo avan\u00e7a, mais e mais cart\u00f5es que representam pontos espec\u00edficos na ilha \u201cafundam\u201d, tornando-se indispon\u00edveis, e o ritmo aumenta. Os jogadores t\u00eam que criar estrat\u00e9gias para manterem-se na ilha, evitar a inunda\u00e7\u00e3o, e tentar recolher os tesouros. \u00c0 medida que o n\u00edvel da \u00e1gua sobe, a emo\u00e7\u00e3o aumenta, o jogo fica mais dif\u00edcil e sacrif\u00edcios devem ser feitos.<\/p>\n<p><iframe loading=\"lazy\" title=\"Ilha Proibida - Como Jogar\" width=\"500\" height=\"281\" src=\"https:\/\/www.youtube.com\/embed\/_4ocxmGJUSg?feature=oembed\" frameborder=\"0\" allow=\"accelerometer; autoplay; clipboard-write; encrypted-media; gyroscope; picture-in-picture; web-share\" referrerpolicy=\"strict-origin-when-cross-origin\" allowfullscreen><\/iframe><\/p>\n<h2>Componentes:<\/h2>\n<ul>\n<li>1 Manual de Regras<\/li>\n<li>27 Cartas de Tesouro (fundo vermelho)<\/li>\n<li>24 Cartas de Alagamento (fundo azul)<\/li>\n<li>6 Cartas de Aventureiro<\/li>\n<li>24 Pe\u00e7as de Terreno da Ilha com duas faces<\/li>\n<li>6 Pe\u00f5es de Madeira<\/li>\n<li>4 Tesouros<\/li>\n<li>1 Medidor de \u00c1gua<\/li>\n<li>1 Marcador de N\u00edvel<\/li>\n<\/ul>\n<h2>Regras para o aluguel:<\/h2>\n<ul>\n<li>O per\u00edodo de aluguel inclui a data de entrega e devolu\u00e7\u00e3o do jogo;<\/li>\n<li>O atraso na devolu\u00e7\u00e3o dos jogos, resultar\u00e1 em cobran\u00e7a adicional no valor de um aluguel di\u00e1rio por cada dia de atraso;<\/li>\n<li>Em caso de danos que comprometam a experi\u00eancia do jogo (perda ou avaria de componentes), o cliente dever\u00e1 arcar com os custos da reposi\u00e7\u00e3o dos componentes (quando dispon\u00edveis no mercado) ou aquisi\u00e7\u00e3o de um novo exemplar do jogo.<\/li>\n<\/ul>\n","protected":false},"excerpt":{"rendered":"<p>O valor corresponde ao aluguel di\u00e1rio do jogo. Consulte as condi\u00e7\u00f5es abaixo.<\/p>\n<div class=\"more-link-wrapper\"><a class=\"more-link\" href=\"https:\/\/cabanadoelfo.com.br\/loja\/jogo\/a-ilha-proibida\/\">Read More<span class=\"screen-reader-text\">A Ilha Proibida<\/span><\/a><\/div>\n","protected":false},"featured_media":215,"comment_status":"open","ping_status":"closed","template":"","meta":[],"product_brand":[],"product_cat":[37,15],"product_tag":[],"class_list":{"0":"post-96","1":"product","2":"type-product","3":"status-publish","4":"has-post-thumbnail","6":"product_cat-jogo-de-cartas","7":"product_cat-jogos-de-tabuleiro","8":"pa_complexidade-jogos-familiares","9":"pa_designer-matt-leacock","10":"pa_duracao-30-min","11":"pa_editora-devir","12":"pa_estilo-colecionar-componentes","13":"pa_estilo-gestao-de-mao","14":"pa_estilo-jogadores-com-diferentes-habilidades","15":"pa_estilo-movimento-em-grade","16":"pa_estilo-pegar-e-entregar","17":"pa_estilo-sistema-de-pontos-de-acao","18":"pa_estilo-tabuleiro-modular","19":"pa_idade-35","20":"pa_idioma-portugues","21":"pa_jogadores-2-a-4","22":"pa_modo-multijogador-cooperativo","23":"pa_tema-aventura","24":"entry","26":"first","27":"instock","28":"purchasable","29":"product-type-redq_rental"},"jetpack_sharing_enabled":true,"_links":{"self":[{"href":"https:\/\/cabanadoelfo.com.br\/loja\/wp-json\/wp\/v2\/product\/96","targetHints":{"allow":["GET"]}}],"collection":[{"href":"https:\/\/cabanadoelfo.com.br\/loja\/wp-json\/wp\/v2\/product"}],"about":[{"href":"https:\/\/cabanadoelfo.com.br\/loja\/wp-json\/wp\/v2\/types\/product"}],"replies":[{"embeddable":true,"href":"https:\/\/cabanadoelfo.com.br\/loja\/wp-json\/wp\/v2\/comments?post=96"}],"wp:featuredmedia":[{"embeddable":true,"href":"https:\/\/cabanadoelfo.com.br\/loja\/wp-json\/wp\/v2\/media\/215"}],"wp:attachment":[{"href":"https:\/\/cabanadoelfo.com.br\/loja\/wp-json\/wp\/v2\/media?parent=96"}],"wp:term":[{"taxonomy":"product_brand","embeddable":true,"href":"https:\/\/cabanadoelfo.com.br\/loja\/wp-json\/wp\/v2\/product_brand?post=96"},{"taxonomy":"product_cat","embeddable":true,"href":"https:\/\/cabanadoelfo.com.br\/loja\/wp-json\/wp\/v2\/product_cat?post=96"},{"taxonomy":"product_tag","embeddable":true,"href":"https:\/\/cabanadoelfo.com.br\/loja\/wp-json\/wp\/v2\/product_tag?post=96"}],"curies":[{"name":"wp","href":"https:\/\/api.w.org\/{rel}","templated":true}]}}