{"id":759,"date":"2021-11-06T22:15:29","date_gmt":"2021-11-07T01:15:29","guid":{"rendered":"https:\/\/cabanadoelfo.com.br\/loja\/?post_type=product&#038;p=759"},"modified":"2024-05-10T14:54:05","modified_gmt":"2024-05-10T17:54:05","slug":"tiny-epic-zombies","status":"publish","type":"product","link":"https:\/\/cabanadoelfo.com.br\/loja\/jogo\/tiny-epic-zombies\/","title":{"rendered":"Tiny Epic Zombies"},"content":{"rendered":"<p class=\"western\">Cada sobrevivente \u00e9 um personagem com poderes \u00fanicos e que deve se envolver em<span lang=\"pt-BR\">\u00a0combates t\u00e1ticos eletrizantes e completar\u00a0 diversas miss\u00f5es diferentes que retratam muito bem a tem\u00e1tica dos filmes de zumbi cl\u00e1ssicos como\u00a0<\/span><span lang=\"pt-BR\"><i>O Despertar dos mortos<\/i><\/span><span lang=\"pt-BR\">\u00a0de George A. Romero.<\/span><\/p>\n<p>E se voc\u00ea se cansar de fugir dos mortos-vivos, fique tranquilo: no jogo tamb\u00e9m ser\u00e1 poss\u00edvel assumir o papel da horda de zumbis e atormentar seus amigos com o terror da morte em vida, adicionando os poderes dos personagens que foram transformados em zumbi ao seu arsenal.<\/p>\n<p class=\"western\"><span lang=\"pt-BR\">Tiny Epic Zombies\u00a0possui dois modos cooperativos, dois modos competitivos e um modo solo. Essa variedade de formas de jogo vai lhe garantir horas de divers\u00e3o e aventura.<\/span><\/p>\n<p class=\"western\"><span lang=\"pt-BR\">Prepare-se para um jogo alucinante de sobreviv\u00eancia em um apocalipse zumbi!<\/span><\/p>\n<p><iframe loading=\"lazy\" title=\"Tiny Epic Zombies - Como Jogar\" width=\"500\" height=\"281\" src=\"https:\/\/www.youtube.com\/embed\/ryZFAnc7lhc?feature=oembed\" frameborder=\"0\" allow=\"accelerometer; autoplay; clipboard-write; encrypted-media; gyroscope; picture-in-picture; web-share\" referrerpolicy=\"strict-origin-when-cross-origin\" allowfullscreen><\/iframe><\/p>\n<h2>Componentes:<\/h2>\n<ul>\n<li>1 Livro de Regras<\/li>\n<li>1 Dado de Luta<\/li>\n<li>1 Barricada<\/li>\n<li>2 Ve\u00edculos (moto \/ carro de pol\u00edcia)<\/li>\n<li>4 Marcadores de Danos<\/li>\n<li>4 Marcadores de Muni\u00e7\u00e3o<\/li>\n<li>4 Marcadores de Sobreviventes<\/li>\n<li>4 ITEMeeples<\/li>\n<li>4 Marcadores de salas<\/li>\n<li>29 Marcadores de Objetivos<\/li>\n<li>12 Itens<\/li>\n<li>3 Indicadores de Horda<\/li>\n<li>12 Indicadores de Objetivos (3 de cada cor)<\/li>\n<li>18 Zumbis<\/li>\n<li>9 Cartas de Objetivo (com lados cooperativos e competitivos)<\/li>\n<li>9 Cartas de Loja (impressas em ambos os lados)<\/li>\n<li>14 Cartas de Jogadores (com lados para humanos e zumbis)<\/li>\n<li>32 Cartas de Procura<\/li>\n<\/ul>\n<h2>Regras para o aluguel:<\/h2>\n<ul>\n<li>O per\u00edodo de aluguel inclui a data de entrega e devolu\u00e7\u00e3o do jogo;<\/li>\n<li>O atraso na devolu\u00e7\u00e3o dos jogos, resultar\u00e1 em cobran\u00e7a adicional no valor de um aluguel di\u00e1rio por cada dia de atraso;<\/li>\n<li>Em caso de danos que comprometam a experi\u00eancia do jogo (perda ou avaria de componentes), o cliente dever\u00e1 arcar com os custos da reposi\u00e7\u00e3o dos componentes (quando dispon\u00edveis no mercado) ou aquisi\u00e7\u00e3o de um novo exemplar do jogo.<\/li>\n<\/ul>\n","protected":false},"excerpt":{"rendered":"<div class=\"woocommerce-product-details__short-description\">\n<p class=\"western\"><span lang=\"pt-BR\">Em\u00a0<\/span><span lang=\"pt-BR\">Tiny Epic Zombies<\/span><span lang=\"pt-BR\">\u00a0temos de sobreviver a uma invas\u00e3o de zumbis que assola o\u00a0<em>Shopping Eccho Ridge<\/em>. Em meio ao caos, sobreviventes improv\u00e1veis ter\u00e3o de demonstrar racioc\u00ednio r\u00e1pido e contar com a suas habilidades para evitarem um destino terr\u00edvel.<\/span><\/p>\n<\/div>\n<div class=\"more-link-wrapper\"><a class=\"more-link\" href=\"https:\/\/cabanadoelfo.com.br\/loja\/jogo\/tiny-epic-zombies\/\">Read More<span class=\"screen-reader-text\">Tiny Epic Zombies<\/span><\/a><\/div>\n","protected":false},"featured_media":760,"comment_status":"open","ping_status":"closed","template":"","meta":[],"product_brand":[],"product_cat":[37,86,15],"product_tag":[],"class_list":{"0":"post-759","1":"product","2":"type-product","3":"status-publish","4":"has-post-thumbnail","6":"product_cat-jogo-de-cartas","7":"product_cat-jogo-de-dados","8":"product_cat-jogos-de-tabuleiro","9":"pa_complexidade-jogos-expert","10":"pa_designer-scott-almes","11":"pa_duracao-30-min","12":"pa_editora-meeple-br-jogos","13":"pa_estilo-controle-influencia-de-area","14":"pa_estilo-force-sua-sorte","15":"pa_estilo-jogadores-com-diferentes-habilidades","16":"pa_estilo-pegar-e-entregar","17":"pa_estilo-rolagem-de-dados","18":"pa_estilo-tabuleiro-modular","19":"pa_idade-61","20":"pa_idioma-portugues","21":"pa_jogadores-1-a-5","22":"pa_modo-multijogador-competitivo","23":"pa_modo-multijogador-cooperativo","24":"pa_tema-aventura","25":"pa_tema-fantasia","26":"pa_tema-horror","27":"pa_tema-luta-artes-marciais","28":"pa_tema-zumbis","29":"entry","31":"first","32":"instock","33":"purchasable","34":"product-type-redq_rental"},"jetpack_sharing_enabled":true,"_links":{"self":[{"href":"https:\/\/cabanadoelfo.com.br\/loja\/wp-json\/wp\/v2\/product\/759","targetHints":{"allow":["GET"]}}],"collection":[{"href":"https:\/\/cabanadoelfo.com.br\/loja\/wp-json\/wp\/v2\/product"}],"about":[{"href":"https:\/\/cabanadoelfo.com.br\/loja\/wp-json\/wp\/v2\/types\/product"}],"replies":[{"embeddable":true,"href":"https:\/\/cabanadoelfo.com.br\/loja\/wp-json\/wp\/v2\/comments?post=759"}],"wp:featuredmedia":[{"embeddable":true,"href":"https:\/\/cabanadoelfo.com.br\/loja\/wp-json\/wp\/v2\/media\/760"}],"wp:attachment":[{"href":"https:\/\/cabanadoelfo.com.br\/loja\/wp-json\/wp\/v2\/media?parent=759"}],"wp:term":[{"taxonomy":"product_brand","embeddable":true,"href":"https:\/\/cabanadoelfo.com.br\/loja\/wp-json\/wp\/v2\/product_brand?post=759"},{"taxonomy":"product_cat","embeddable":true,"href":"https:\/\/cabanadoelfo.com.br\/loja\/wp-json\/wp\/v2\/product_cat?post=759"},{"taxonomy":"product_tag","embeddable":true,"href":"https:\/\/cabanadoelfo.com.br\/loja\/wp-json\/wp\/v2\/product_tag?post=759"}],"curies":[{"name":"wp","href":"https:\/\/api.w.org\/{rel}","templated":true}]}}