{"id":613,"date":"2021-01-26T20:55:42","date_gmt":"2021-01-26T23:55:42","guid":{"rendered":"https:\/\/cabanadoelfo.com.br\/loja\/?post_type=product&#038;p=613"},"modified":"2024-05-05T19:14:40","modified_gmt":"2024-05-05T22:14:40","slug":"unicorn-fever","status":"publish","type":"product","link":"https:\/\/cabanadoelfo.com.br\/loja\/jogo\/unicorn-fever\/","title":{"rendered":"Unicorn Fever"},"content":{"rendered":"<p>Em Unicorn Fever, os participantes assumem o papel de riqu\u00edssimos apostadores que, buscando virar o jogo a seu favor, devem assinar contratos escusos e usar magia para manipular a corrida. Cuidado com seu ouro! \u00c9 preciso us\u00e1-lo com sabedoria para n\u00e3o acabar devendo para a M\u00e1fia \u00c9lfica. Ao final da partida, o jogador que acumular mais gl\u00f3ria ser\u00e1 o vencedor!<\/p>\n<p><iframe loading=\"lazy\" title=\"Unicorn Fever - Como Jogar\" width=\"500\" height=\"281\" src=\"https:\/\/www.youtube.com\/embed\/i6RzmdnkvwU?feature=oembed\" frameborder=\"0\" allow=\"accelerometer; autoplay; clipboard-write; encrypted-media; gyroscope; picture-in-picture; web-share\" referrerpolicy=\"strict-origin-when-cross-origin\" allowfullscreen><\/iframe><\/p>\n<h2>Componentes:<\/h2>\n<ul>\n<li>1 Livro de Regras<\/li>\n<li>1 Tabuleiro<\/li>\n<li>1 Ficha de Primeiro Jogador<\/li>\n<li>1 Marcador de Corrida<\/li>\n<li>2 dados de Acelera\u00e7\u00e3o<\/li>\n<li>6 Miniaturas de Unic\u00f3rnio<\/li>\n<li>6 bases Circulares (1 de cada cor)<\/li>\n<li>6 Fichas de Aposta de Vit\u00f3ria (1 de cada cor)<\/li>\n<li>6 Fichas de Aposta de Classifica\u00e7\u00e3o Antecipada (1 de cada cor)<\/li>\n<li>6 Fichas de Aposta de Classifica\u00e7\u00e3o Tardia (1 de cada cor)<\/li>\n<li>6 Fichas de Chance (1 de cada cor)<\/li>\n<li>6 Fichas de Propriet\u00e1rio (1 de cada cor)<\/li>\n<li>11 Fichas de A\u00e7\u00e3o<\/li>\n<li>81 Fichas de Gl\u00f3ria (59 com 1 trevo e 22 com 3 trevos)<\/li>\n<li>124 Fichas de Ouro (80 de valor 1, 27 de valor 5, 12 de valor 20 e 5 de valor 50)<\/li>\n<li>123 Cartas, sendo:<\/li>\n<li>&#8211; 6 Cartas de unic\u00f3rnio<\/li>\n<li>&#8211; 10 Cartas de Empr\u00e9stimo<\/li>\n<li>&#8211; 23 Cartas de Movimento<\/li>\n<li>&#8211; 40 Cartas de Contrato (8 de cada cl\u00e3: Bruxas, Duendes, Fadas, Gnomos e Goblins)<\/li>\n<li>&#8211; 44 Cartas M\u00e1gicas<\/li>\n<\/ul>\n<h2>Regras para o aluguel:<\/h2>\n<ul>\n<li>O per\u00edodo de aluguel inclui a data de entrega e devolu\u00e7\u00e3o do jogo;<\/li>\n<li>O atraso na devolu\u00e7\u00e3o dos jogos, resultar\u00e1 em cobran\u00e7a adicional no valor de um aluguel di\u00e1rio por cada dia de atraso;<\/li>\n<li>Em caso de danos que comprometam a experi\u00eancia do jogo (perda ou avaria de componentes), o cliente dever\u00e1 arcar com os custos da reposi\u00e7\u00e3o dos componentes (quando dispon\u00edveis no mercado) ou aquisi\u00e7\u00e3o de um novo exemplar do jogo.<\/li>\n<\/ul>\n","protected":false},"excerpt":{"rendered":"<div class=\"woocommerce-product-details__short-description\">\n<p>Uma corrida m\u00e1gica est\u00e1 prestes a come\u00e7ar!<\/p>\n<p>O que os seres n\u00e3o m\u00e1gicos n\u00e3o sabem \u00e9 que, sempre que aparece um arco-\u00edris, todos os unic\u00f3rnios das redondezas param tudo o que est\u00e3o fazendo e come\u00e7am a correr ao longo dele, incapazes de resistir \u00e0 vontade de mergulhar no pote de ouro que existe no fim do caminho. Milhares de anos atr\u00e1s, algumas das mentes mais inescrupulosas e moralmente question\u00e1veis do Reino M\u00e1gico perceberam que isso seria uma \u00f3tima chance de ganhar uma enorme quantia em ouro \u00e0s custas desses seres puros e inocentes\u2026<\/p>\n<\/div>\n<div class=\"more-link-wrapper\"><a class=\"more-link\" href=\"https:\/\/cabanadoelfo.com.br\/loja\/jogo\/unicorn-fever\/\">Read More<span class=\"screen-reader-text\">Unicorn Fever<\/span><\/a><\/div>\n","protected":false},"featured_media":623,"comment_status":"open","ping_status":"closed","template":"","meta":[],"product_brand":[],"product_cat":[15],"product_tag":[],"class_list":{"0":"post-613","1":"product","2":"type-product","3":"status-publish","4":"has-post-thumbnail","6":"product_cat-jogos-de-tabuleiro","7":"pa_complexidade-jogos-familiares","8":"pa_complexidade-jogo-festivo","9":"pa_designer-lorenzo-silva","10":"pa_designer-lorenzo-tucci-sorrentino","11":"pa_duracao-40-min","12":"pa_editora-galapagos-jogos","13":"pa_estilo-apostas","14":"pa_idade-61","15":"pa_idioma-portugues","16":"pa_jogadores-2-a-6","17":"pa_modo-multijogador-competitivo","18":"pa_tema-fantasia","19":"entry","21":"first","22":"instock","23":"purchasable","24":"product-type-redq_rental"},"jetpack_sharing_enabled":true,"_links":{"self":[{"href":"https:\/\/cabanadoelfo.com.br\/loja\/wp-json\/wp\/v2\/product\/613","targetHints":{"allow":["GET"]}}],"collection":[{"href":"https:\/\/cabanadoelfo.com.br\/loja\/wp-json\/wp\/v2\/product"}],"about":[{"href":"https:\/\/cabanadoelfo.com.br\/loja\/wp-json\/wp\/v2\/types\/product"}],"replies":[{"embeddable":true,"href":"https:\/\/cabanadoelfo.com.br\/loja\/wp-json\/wp\/v2\/comments?post=613"}],"wp:featuredmedia":[{"embeddable":true,"href":"https:\/\/cabanadoelfo.com.br\/loja\/wp-json\/wp\/v2\/media\/623"}],"wp:attachment":[{"href":"https:\/\/cabanadoelfo.com.br\/loja\/wp-json\/wp\/v2\/media?parent=613"}],"wp:term":[{"taxonomy":"product_brand","embeddable":true,"href":"https:\/\/cabanadoelfo.com.br\/loja\/wp-json\/wp\/v2\/product_brand?post=613"},{"taxonomy":"product_cat","embeddable":true,"href":"https:\/\/cabanadoelfo.com.br\/loja\/wp-json\/wp\/v2\/product_cat?post=613"},{"taxonomy":"product_tag","embeddable":true,"href":"https:\/\/cabanadoelfo.com.br\/loja\/wp-json\/wp\/v2\/product_tag?post=613"}],"curies":[{"name":"wp","href":"https:\/\/api.w.org\/{rel}","templated":true}]}}