{"id":595,"date":"2021-01-26T18:10:31","date_gmt":"2021-01-26T21:10:31","guid":{"rendered":"https:\/\/cabanadoelfo.com.br\/loja\/?post_type=product&#038;p=595"},"modified":"2024-08-28T21:14:38","modified_gmt":"2024-08-29T00:14:38","slug":"ex-libris","status":"publish","type":"product","link":"https:\/\/cabanadoelfo.com.br\/loja\/jogo\/ex-libris\/","title":{"rendered":"Ex Libris"},"content":{"rendered":"<p>Para superar sua concorr\u00eancia, voc\u00ea precisa expandir sua biblioteca pessoal enviando seus ajudantes de confian\u00e7a \u00e0 aldeia para encontrar os tomos mais impressionantes. Fontes para os melhores livros s\u00e3o escassos, ent\u00e3o voc\u00ea precisa bater seus oponentes quando eles aparecerem.<\/p>\n<p>Voc\u00ea tem apenas uma semana antes que o inspetor oficial do prefeito venha julgar sua biblioteca, por isso certifique-se de que seus assistentes tenham todos os seus livros arquivados! O Inspetor tem uma personalidade dif\u00edcil e usar\u00e1 sua Lista de Verifica\u00e7\u00e3o Oficial para classificar sua biblioteca em v\u00e1rios crit\u00e9rios, incluindo estabilidade de prateleira, ordem alfab\u00e9tica e variedade &#8211; e n\u00e3o pense que ele far\u00e1 vis\u00e3o cega aos livros que o Conselho proibiu! Voc\u00ea precisa de um planejamento e t\u00e1ticas astutas (e talvez um pouco de magia) para superar seus oponentes e se tornar o grande bibliotec\u00e1rio!<\/p>\n<p><iframe loading=\"lazy\" title=\"EX LIBRIS | REGRAS #43\" width=\"500\" height=\"281\" src=\"https:\/\/www.youtube.com\/embed\/F6de9Gmw-s0?feature=oembed\" frameborder=\"0\" allow=\"accelerometer; autoplay; clipboard-write; encrypted-media; gyroscope; picture-in-picture; web-share\" referrerpolicy=\"strict-origin-when-cross-origin\" allowfullscreen><\/iframe><\/p>\n<h2>Componentes:<\/h2>\n<ul>\n<li>1 Livro de Regras<\/li>\n<li>1 Tabuleiro da Cidade<\/li>\n<li>1 Formul\u00e1rio Oficial de Fiscaliza\u00e7\u00e3o da Biblioteca<\/li>\n<li>1 Token de Primeiro Jogador<\/li>\n<li>4 Fichas de Resumo de Localiza\u00e7\u00f5es<\/li>\n<li>18 Placas de Localiza\u00e7\u00e3o<\/li>\n<li>12 Placas de Biblioteca<\/li>\n<li>12 Assistentes Especiais<\/li>\n<li>12 Assistentes Comuns (3 de cada cor)<\/li>\n<li>6 Cartas de Categoria<\/li>\n<li>152 Cartas de Livros<\/li>\n<\/ul>\n<h2>Regras para o aluguel:<\/h2>\n<ul>\n<li>O per\u00edodo de aluguel inclui a data de entrega e devolu\u00e7\u00e3o do jogo;<\/li>\n<li>O atraso na devolu\u00e7\u00e3o dos jogos, resultar\u00e1 em cobran\u00e7a adicional no valor de um aluguel di\u00e1rio por cada dia de atraso;<\/li>\n<li>Em caso de danos que comprometam a experi\u00eancia do jogo (perda ou avaria de componentes), o cliente dever\u00e1 arcar com os custos da reposi\u00e7\u00e3o dos componentes (quando dispon\u00edveis no mercado) ou aquisi\u00e7\u00e3o de um novo exemplar do jogo.<\/li>\n<\/ul>\n","protected":false},"excerpt":{"rendered":"<div class=\"woocommerce-product-details__short-description\">\n<p>Em Ex Libris, voc\u00ea \u00e9 um colecionador de livros raros e valiosos em uma pr\u00f3spera vila de gnomos. Recentemente, o prefeito e o Conselho da Aldeia anunciaram uma abertura para um grande bibliotec\u00e1rio: uma posi\u00e7\u00e3o de prest\u00edgio (e lucrativa) que pretendem atribuir ao alde\u00e3o mais qualificado! Infelizmente, v\u00e1rios de seus colegas colecionadores de livros tamb\u00e9m s\u00e3o candidatos.<\/p>\n<\/div>\n<div class=\"more-link-wrapper\"><a class=\"more-link\" href=\"https:\/\/cabanadoelfo.com.br\/loja\/jogo\/ex-libris\/\">Read More<span class=\"screen-reader-text\">Ex Libris<\/span><\/a><\/div>\n","protected":false},"featured_media":596,"comment_status":"open","ping_status":"closed","template":"","meta":[],"product_brand":[],"product_cat":[37],"product_tag":[],"class_list":{"0":"post-595","1":"product","2":"type-product","3":"status-publish","4":"has-post-thumbnail","6":"product_cat-jogo-de-cartas","7":"pa_complexidade-jogos-expert","8":"pa_designer-adam-p-mciver","9":"pa_duracao-45-min","10":"pa_editora-galapagos-jogos","11":"pa_estilo-alocacao-de-trabalhadores","12":"pa_estilo-colecionar-componentes","13":"pa_estilo-colocacao-de-pecas","14":"pa_estilo-construcao-a-partir-de-modelo","15":"pa_estilo-gestao-de-mao","16":"pa_estilo-jogadores-com-diferentes-habilidades","17":"pa_estilo-selecao-de-cartas","18":"pa_estilo-tabuleiro-modular","19":"pa_idade-61","20":"pa_idioma-portugues","21":"pa_jogadores-1-a-4","22":"pa_modo-multijogador-competitivo","23":"pa_tema-fantasia","24":"pa_tema-literatura-livros","25":"entry","27":"first","28":"instock","29":"purchasable","30":"product-type-redq_rental"},"jetpack_sharing_enabled":true,"_links":{"self":[{"href":"https:\/\/cabanadoelfo.com.br\/loja\/wp-json\/wp\/v2\/product\/595","targetHints":{"allow":["GET"]}}],"collection":[{"href":"https:\/\/cabanadoelfo.com.br\/loja\/wp-json\/wp\/v2\/product"}],"about":[{"href":"https:\/\/cabanadoelfo.com.br\/loja\/wp-json\/wp\/v2\/types\/product"}],"replies":[{"embeddable":true,"href":"https:\/\/cabanadoelfo.com.br\/loja\/wp-json\/wp\/v2\/comments?post=595"}],"wp:featuredmedia":[{"embeddable":true,"href":"https:\/\/cabanadoelfo.com.br\/loja\/wp-json\/wp\/v2\/media\/596"}],"wp:attachment":[{"href":"https:\/\/cabanadoelfo.com.br\/loja\/wp-json\/wp\/v2\/media?parent=595"}],"wp:term":[{"taxonomy":"product_brand","embeddable":true,"href":"https:\/\/cabanadoelfo.com.br\/loja\/wp-json\/wp\/v2\/product_brand?post=595"},{"taxonomy":"product_cat","embeddable":true,"href":"https:\/\/cabanadoelfo.com.br\/loja\/wp-json\/wp\/v2\/product_cat?post=595"},{"taxonomy":"product_tag","embeddable":true,"href":"https:\/\/cabanadoelfo.com.br\/loja\/wp-json\/wp\/v2\/product_tag?post=595"}],"curies":[{"name":"wp","href":"https:\/\/api.w.org\/{rel}","templated":true}]}}