{"id":444,"date":"2020-11-26T13:15:08","date_gmt":"2020-11-26T16:15:08","guid":{"rendered":"https:\/\/cabanadoelfo.com.br\/loja\/?post_type=product&#038;p=444"},"modified":"2024-03-11T07:57:16","modified_gmt":"2024-03-11T10:57:16","slug":"a-guerra-dos-tronos-boardgame","status":"publish","type":"product","link":"https:\/\/cabanadoelfo.com.br\/loja\/jogo\/a-guerra-dos-tronos-boardgame\/","title":{"rendered":"A Guerra dos Tronos: Boardgame"},"content":{"rendered":"<p>Baseado na s\u00e9rie best-seller de George R.R. Martin &#8220;As Cr\u00f4nicas de Gelo e Fogo&#8221;, A Guerra dos Tronos: BoardGame permite de 3 a 6 jogadores controlar as grandes Casas de Westeros em uma luta \u00e9pica pela conquista do Trono de Ferro. Envolva-se neste jogo de planejamento engenhoso, distribui\u00e7\u00e3o cuidadosa de poder e diplomacia perspicaz da emocionante s\u00e9rie &#8220;As Cr\u00f4nicas de Gelo e Fogo&#8221;.<\/p>\n<p>Conquiste o Trono de Ferro e as terras de Westeros!<\/p>\n<p><iframe loading=\"lazy\" title=\"A GUERRA DOS TRONOS BOARD GAME - TUTORIAL OFICIAL COMPLETO EM PORTUGUES\" width=\"500\" height=\"281\" src=\"https:\/\/www.youtube.com\/embed\/b6608n25-6M?feature=oembed\" frameborder=\"0\" allow=\"accelerometer; autoplay; clipboard-write; encrypted-media; gyroscope; picture-in-picture; web-share\" referrerpolicy=\"strict-origin-when-cross-origin\" allowfullscreen><\/iframe><\/p>\n<h2>Componentes:<\/h2>\n<ul>\n<li>1 Livro de Regras<\/li>\n<li>1 Tabuleiro<\/li>\n<li>60 Pe\u00e7as de Soldados (10 por casa)<\/li>\n<li>30 Pe\u00e7as de Cavaleiros (5 por casa)<\/li>\n<li>36 Pe\u00e7as de Navios (6 por casa)<\/li>\n<li>12 Pe\u00e7as de Torres de Cerco (2 por casa)<\/li>\n<li>42 Cartas da Casa (7 por casa)<\/li>\n<li>30 Cartas de Westeros<\/li>\n<li>9 Cartas de Selvagens<\/li>\n<li>24 Cartas de Progresso de Batalha<\/li>\n<li>6 Escudos do Jogador (1 por casa)<\/li>\n<li>90 Fichas de Ordem (15 por casa)<\/li>\n<li>120 Fichas de Poder (20 por casa)<\/li>\n<li>18 Fichas de Influ\u00eancia (3 por casa)<\/li>\n<li>6 Fichas de Suprimento (1 por casa)<\/li>\n<li>14 Fichas de For\u00e7a Neutra<\/li>\n<li>6 Fichas de Ponto de Vit\u00f3ria (1 por casa)<\/li>\n<li>6 Fichas de Guarni\u00e7\u00e3o (1 por casa)<\/li>\n<li>1 Ficha do Trono de Ferro<\/li>\n<li>1 Ficha da L\u00e2mina de A\u00e7o Valiriano<\/li>\n<li>1 Ficha do Corvo Mensageiro<\/li>\n<li>1 Ficha de Rodada<\/li>\n<li>1 Ficha de Amea\u00e7a dos Selvagens<\/li>\n<li>1 Marcador Adicional da Corte Real<\/li>\n<\/ul>\n<h2>Regras para o aluguel:<\/h2>\n<ul>\n<li>O per\u00edodo de aluguel inclui a data de entrega e devolu\u00e7\u00e3o do jogo;<\/li>\n<li>O atraso na devolu\u00e7\u00e3o dos jogos, resultar\u00e1 em cobran\u00e7a adicional no valor de um aluguel di\u00e1rio por cada dia de atraso;<\/li>\n<li>Em caso de danos que comprometam a experi\u00eancia do jogo (perda ou avaria de componentes), o cliente dever\u00e1 arcar com os custos da reposi\u00e7\u00e3o dos componentes (quando dispon\u00edveis no mercado) ou aquisi\u00e7\u00e3o de um novo exemplar do jogo.<\/li>\n<\/ul>\n","protected":false},"excerpt":{"rendered":"<div class=\"woocommerce-product-details__short-description\">\n<p>O rei Robert Baratheon est\u00e1 morto, e as terras de Westeros se preparam para batalhas. Enquanto ex\u00e9rcitos re\u00fanem for\u00e7as e corvos voam, a f\u00faria dos reis \u00e9 inevit\u00e1vel.<\/p>\n<\/div>\n<div class=\"more-link-wrapper\"><a class=\"more-link\" href=\"https:\/\/cabanadoelfo.com.br\/loja\/jogo\/a-guerra-dos-tronos-boardgame\/\">Read More<span class=\"screen-reader-text\">A Guerra dos Tronos: Boardgame<\/span><\/a><\/div>\n","protected":false},"featured_media":449,"comment_status":"open","ping_status":"closed","template":"","meta":[],"product_brand":[],"product_cat":[37,15],"product_tag":[],"class_list":{"0":"post-444","1":"product","2":"type-product","3":"status-publish","4":"has-post-thumbnail","6":"product_cat-jogo-de-cartas","7":"product_cat-jogos-de-tabuleiro","8":"pa_complexidade-jogos-expert","9":"pa_designer-christian-t-petersen","10":"pa_duracao-240-min","11":"pa_editora-galapagos-jogos","12":"pa_estilo-acao-simultanea","13":"pa_estilo-blefe","14":"pa_estilo-campanha-batalhas-dirigidas-por-cartas","15":"pa_estilo-controle-influencia-de-area","16":"pa_estilo-jogadores-com-diferentes-habilidades","17":"pa_estilo-leilao","18":"pa_estilo-movimento-de-area","19":"pa_estilo-negociacao","20":"pa_idade-61","21":"pa_idioma-portugues","22":"pa_jogadores-3-a-6","23":"pa_modo-multijogador-competitivo","24":"pa_tema-estrategia","25":"pa_tema-fantasia","26":"pa_tema-geek","27":"pa_tema-jogos-de-guerra","28":"pa_tema-literatura-livros","29":"pa_tema-medieval","30":"pa_tema-politica","31":"entry","33":"first","34":"instock","35":"purchasable","36":"product-type-redq_rental"},"jetpack_sharing_enabled":true,"_links":{"self":[{"href":"https:\/\/cabanadoelfo.com.br\/loja\/wp-json\/wp\/v2\/product\/444","targetHints":{"allow":["GET"]}}],"collection":[{"href":"https:\/\/cabanadoelfo.com.br\/loja\/wp-json\/wp\/v2\/product"}],"about":[{"href":"https:\/\/cabanadoelfo.com.br\/loja\/wp-json\/wp\/v2\/types\/product"}],"replies":[{"embeddable":true,"href":"https:\/\/cabanadoelfo.com.br\/loja\/wp-json\/wp\/v2\/comments?post=444"}],"wp:featuredmedia":[{"embeddable":true,"href":"https:\/\/cabanadoelfo.com.br\/loja\/wp-json\/wp\/v2\/media\/449"}],"wp:attachment":[{"href":"https:\/\/cabanadoelfo.com.br\/loja\/wp-json\/wp\/v2\/media?parent=444"}],"wp:term":[{"taxonomy":"product_brand","embeddable":true,"href":"https:\/\/cabanadoelfo.com.br\/loja\/wp-json\/wp\/v2\/product_brand?post=444"},{"taxonomy":"product_cat","embeddable":true,"href":"https:\/\/cabanadoelfo.com.br\/loja\/wp-json\/wp\/v2\/product_cat?post=444"},{"taxonomy":"product_tag","embeddable":true,"href":"https:\/\/cabanadoelfo.com.br\/loja\/wp-json\/wp\/v2\/product_tag?post=444"}],"curies":[{"name":"wp","href":"https:\/\/api.w.org\/{rel}","templated":true}]}}