{"id":368,"date":"2020-11-25T18:24:19","date_gmt":"2020-11-25T21:24:19","guid":{"rendered":"https:\/\/cabanadoelfo.com.br\/loja\/?post_type=product&#038;p=368"},"modified":"2025-06-14T18:03:43","modified_gmt":"2025-06-14T21:03:43","slug":"schotten-totten","status":"publish","type":"product","link":"https:\/\/cabanadoelfo.com.br\/loja\/jogo\/schotten-totten\/","title":{"rendered":"Schotten Totten"},"content":{"rendered":"<p>Junte-se \u00e0 batalha Escocesa!<\/p>\n<p>Expandir o vilarejo empurrando para o mais longe as pedras de fronteira&#8230; Parece uma boa ideia, mas infelizmente quem a teve foi o seu vizinho. Voc\u00ea n\u00e3o pode permitir que isso continue!<\/p>\n<p>Apoiado por seu cl\u00e3, se jogue em uma acirrada batalha pelo controle da fronteira. Crie as melhores forma\u00e7\u00f5es de combate e defenda seu vilarejo ao unir as for\u00e7as de seus aliados nesta luta.<\/p>\n<p>Schotten Totten \u00e9 um card game competitivo, t\u00e1tico, inteligente e \u00fanico, no qual voc\u00ea pode ajudar a defender seu territ\u00f3rio \u2013 sempre com bom humor, claro.<\/p>\n<h2>Componentes:<\/h2>\n<ul>\n<li>1 Manual de Regras<\/li>\n<li>9 Pe\u00e7as de Pedras<\/li>\n<li>2 Cartas de Ajuda<\/li>\n<li>10 Cartas T\u00e1ticas<\/li>\n<li>54 Cartas de Cl\u00e3<\/li>\n<\/ul>\n<h2>Regras para o aluguel:<\/h2>\n<ul>\n<li>O per\u00edodo de aluguel inclui a data de entrega e devolu\u00e7\u00e3o do jogo;<\/li>\n<li>O atraso na devolu\u00e7\u00e3o dos jogos, resultar\u00e1 em cobran\u00e7a adicional no valor de um aluguel di\u00e1rio por cada dia de atraso;<\/li>\n<li>Em caso de danos que comprometam a experi\u00eancia do jogo (perda ou avaria de componentes), o cliente dever\u00e1 arcar com os custos da reposi\u00e7\u00e3o dos componentes (quando dispon\u00edveis no mercado) ou aquisi\u00e7\u00e3o de um novo exemplar do jogo.<\/li>\n<\/ul>\n","protected":false},"excerpt":{"rendered":"<div class=\"woocommerce-product-details__short-description\">\n<p>O valor corresponde ao aluguel di\u00e1rio do jogo. Consulte as condi\u00e7\u00f5es abaixo.<\/p>\n<\/div>\n<div class=\"more-link-wrapper\"><a class=\"more-link\" href=\"https:\/\/cabanadoelfo.com.br\/loja\/jogo\/schotten-totten\/\">Read More<span class=\"screen-reader-text\">Schotten Totten<\/span><\/a><\/div>\n","protected":false},"featured_media":369,"comment_status":"open","ping_status":"closed","template":"","meta":[],"product_brand":[],"product_cat":[37],"product_tag":[],"class_list":{"0":"post-368","1":"product","2":"type-product","3":"status-publish","4":"has-post-thumbnail","6":"product_cat-jogo-de-cartas","7":"pa_complexidade-jogos-familiares","8":"pa_designer-reiner-knizia","9":"pa_duracao-20-min","10":"pa_editora-buro","11":"pa_estilo-colecionar-componentes","12":"pa_estilo-deducao","13":"pa_estilo-gestao-de-mao","14":"pa_idade-133","15":"pa_idioma-portugues","16":"pa_jogadores-205","17":"pa_modo-multijogador-competitivo","18":"pa_tema-estrategia","19":"entry","21":"first","22":"instock","23":"purchasable","24":"product-type-redq_rental"},"jetpack_sharing_enabled":true,"_links":{"self":[{"href":"https:\/\/cabanadoelfo.com.br\/loja\/wp-json\/wp\/v2\/product\/368","targetHints":{"allow":["GET"]}}],"collection":[{"href":"https:\/\/cabanadoelfo.com.br\/loja\/wp-json\/wp\/v2\/product"}],"about":[{"href":"https:\/\/cabanadoelfo.com.br\/loja\/wp-json\/wp\/v2\/types\/product"}],"replies":[{"embeddable":true,"href":"https:\/\/cabanadoelfo.com.br\/loja\/wp-json\/wp\/v2\/comments?post=368"}],"wp:featuredmedia":[{"embeddable":true,"href":"https:\/\/cabanadoelfo.com.br\/loja\/wp-json\/wp\/v2\/media\/369"}],"wp:attachment":[{"href":"https:\/\/cabanadoelfo.com.br\/loja\/wp-json\/wp\/v2\/media?parent=368"}],"wp:term":[{"taxonomy":"product_brand","embeddable":true,"href":"https:\/\/cabanadoelfo.com.br\/loja\/wp-json\/wp\/v2\/product_brand?post=368"},{"taxonomy":"product_cat","embeddable":true,"href":"https:\/\/cabanadoelfo.com.br\/loja\/wp-json\/wp\/v2\/product_cat?post=368"},{"taxonomy":"product_tag","embeddable":true,"href":"https:\/\/cabanadoelfo.com.br\/loja\/wp-json\/wp\/v2\/product_tag?post=368"}],"curies":[{"name":"wp","href":"https:\/\/api.w.org\/{rel}","templated":true}]}}