{"id":304,"date":"2020-11-24T14:38:46","date_gmt":"2020-11-24T17:38:46","guid":{"rendered":"https:\/\/cabanadoelfo.com.br\/loja\/?post_type=product&#038;p=304"},"modified":"2024-03-11T07:59:37","modified_gmt":"2024-03-11T10:59:37","slug":"nosferatu-2a-edicao","status":"publish","type":"product","link":"https:\/\/cabanadoelfo.com.br\/loja\/jogo\/nosferatu-2a-edicao\/","title":{"rendered":"Nosferatu"},"content":{"rendered":"<p>Entre voc\u00eas est\u00e1 oculto um Vampiro! Mas quem \u00e9? Cada jogador tem um papel secreto. Como ca\u00e7ador, voc\u00ea tentar\u00e1 identificar o Vampiro e elimin\u00e1-lo. Como vampiro, voc\u00ea tentar\u00e1 passar despercebido com a ajuda de seu fiel servo, Renfield. Em quem voc\u00ea pode confiar? Quem poder\u00e1 tirar sua vida?<br \/>\nUm jogo de equipe emocionante, que vai desafiar jogadores de nervos fortes.<\/p>\n<h2>Componentes:<\/h2>\n<ul>\n<li>1 Livro de Regras<\/li>\n<li>1 Ficha de Renfield<\/li>\n<li>2 Fichas de Vampiro<\/li>\n<li>7 Fichas de Ca\u00e7adores<\/li>\n<li>1 Ficha de Estaca<\/li>\n<li>5 Fichas de Rituais<\/li>\n<li>18 Cartas de Jornal<\/li>\n<li>16 Cartas de Mordida<\/li>\n<li>15 Cartas de Encantamentos<\/li>\n<li>10 Cartas de Noite<\/li>\n<li>1 Carta de Aurora<\/li>\n<\/ul>\n<h2>Regras para o aluguel:<\/h2>\n<ul>\n<li>O per\u00edodo de aluguel inclui a data de entrega e devolu\u00e7\u00e3o do jogo;<\/li>\n<li>O atraso na devolu\u00e7\u00e3o dos jogos, resultar\u00e1 em cobran\u00e7a adicional no valor de um aluguel di\u00e1rio por cada dia de atraso;<\/li>\n<li>Em caso de danos que comprometam a experi\u00eancia do jogo (perda ou avaria de componentes), o cliente dever\u00e1 arcar com os custos da reposi\u00e7\u00e3o dos componentes (quando dispon\u00edveis no mercado) ou aquisi\u00e7\u00e3o de um novo exemplar do jogo.<\/li>\n<\/ul>\n","protected":false},"excerpt":{"rendered":"<div class=\"woocommerce-product-details__short-description\">\n<p>O valor corresponde ao aluguel di\u00e1rio do jogo. Consulte as condi\u00e7\u00f5es abaixo.<\/p>\n<p><strong>2\u00aa Edi\u00e7\u00e3o (2018)<\/strong><\/p>\n<\/div>\n<div class=\"more-link-wrapper\"><a class=\"more-link\" href=\"https:\/\/cabanadoelfo.com.br\/loja\/jogo\/nosferatu-2a-edicao\/\">Read More<span class=\"screen-reader-text\">Nosferatu<\/span><\/a><\/div>\n","protected":false},"featured_media":305,"comment_status":"open","ping_status":"closed","template":"","meta":[],"product_brand":[],"product_cat":[37],"product_tag":[],"class_list":{"0":"post-304","1":"product","2":"type-product","3":"status-publish","4":"has-post-thumbnail","6":"product_cat-jogo-de-cartas","7":"pa_complexidade-jogos-familiares","8":"pa_complexidade-jogo-festivo","9":"pa_designer-pierre-yves-lebeau","10":"pa_duracao-20-min","11":"pa_editora-conclave","12":"pa_estilo-blefe","13":"pa_estilo-gestao-de-mao","14":"pa_estilo-jogo-em-equipe","15":"pa_idade-61","16":"pa_idioma-portugues","17":"pa_jogadores-4-a-10","18":"pa_modo-multijogador-semi-cooperativo","19":"pa_tema-horror","20":"entry","22":"first","23":"instock","24":"purchasable","25":"product-type-redq_rental"},"jetpack_sharing_enabled":true,"_links":{"self":[{"href":"https:\/\/cabanadoelfo.com.br\/loja\/wp-json\/wp\/v2\/product\/304","targetHints":{"allow":["GET"]}}],"collection":[{"href":"https:\/\/cabanadoelfo.com.br\/loja\/wp-json\/wp\/v2\/product"}],"about":[{"href":"https:\/\/cabanadoelfo.com.br\/loja\/wp-json\/wp\/v2\/types\/product"}],"replies":[{"embeddable":true,"href":"https:\/\/cabanadoelfo.com.br\/loja\/wp-json\/wp\/v2\/comments?post=304"}],"wp:featuredmedia":[{"embeddable":true,"href":"https:\/\/cabanadoelfo.com.br\/loja\/wp-json\/wp\/v2\/media\/305"}],"wp:attachment":[{"href":"https:\/\/cabanadoelfo.com.br\/loja\/wp-json\/wp\/v2\/media?parent=304"}],"wp:term":[{"taxonomy":"product_brand","embeddable":true,"href":"https:\/\/cabanadoelfo.com.br\/loja\/wp-json\/wp\/v2\/product_brand?post=304"},{"taxonomy":"product_cat","embeddable":true,"href":"https:\/\/cabanadoelfo.com.br\/loja\/wp-json\/wp\/v2\/product_cat?post=304"},{"taxonomy":"product_tag","embeddable":true,"href":"https:\/\/cabanadoelfo.com.br\/loja\/wp-json\/wp\/v2\/product_tag?post=304"}],"curies":[{"name":"wp","href":"https:\/\/api.w.org\/{rel}","templated":true}]}}