{"id":268,"date":"2020-11-22T16:52:04","date_gmt":"2020-11-22T19:52:04","guid":{"rendered":"https:\/\/bloopix.com.br\/cabt2\/loja\/?post_type=product&#038;p=268"},"modified":"2025-09-20T16:17:57","modified_gmt":"2025-09-20T19:17:57","slug":"king-of-new-york","status":"publish","type":"product","link":"https:\/\/cabanadoelfo.com.br\/loja\/jogo\/king-of-new-york\/","title":{"rendered":"King of New York"},"content":{"rendered":"<p>H\u00e1 sempre alguma coisa acontecendo na cidade que nunca dorme. Talvez sejam as luzes, talvez seja a energia, ou talvez sejam os monstros gigantes que tentam demolir o lugar!<\/p>\n<p>King of New York \u00e9 um jogo aut\u00f4nomo do designer Richard Garfield, que mant\u00e9m as ideias centrais de King of Tokyo, enquanto introduz novas formas de jogar. Como em KoT, seu objetivo \u00e9 ser o primeiro monstro a coletar 20 pontos de vit\u00f3ria (VPS) ou ser o \u00faltimo monstro de p\u00e9. Em cada turno, voc\u00ea rola seis dados at\u00e9 tr\u00eas vezes, e em seguida, realiza as a\u00e7\u00f5es sobre esses dados. Garras causam danos a outros monstros, cora\u00e7\u00f5es curam danos a si mesmo, e energia \u00e9 armazenada de forma que voc\u00ea possa comprar cartas de alimenta\u00e7\u00e3o que fornecem efeitos \u00fanicos que n\u00e3o est\u00e3o dispon\u00edveis para qualquer outra pessoa.<\/p>\n<p>O que h\u00e1 de novo em King of New York \u00e9 que agora voc\u00ea pode tentar se tornar uma estrela na cidade grande; mais especificamente, voc\u00ea pode conseguir &#8220;Fama\u201d, que te d\u00e1 VPs, mas status de superstar \u00e9 passageiro, ent\u00e3o desfrute enquanto for o centro das aten\u00e7\u00f5es.<\/p>\n<p>O tabuleiro de jogo para King of New York \u00e9 maior do que em KoT com cada monstro ocupando um bairro na cidade e todos tentando brilhar em Manhattan. Quando voc\u00ea ataca, voc\u00ea pode deslocar um monstro em outro distrito, seja para escapar das for\u00e7as militares ou de encontrar novas oportunidades de esmagamento. Agora voc\u00ea pode destruir os edif\u00edcios e obter b\u00f4nus ao faz\u00ea-lo, por\u00e9m quanto mais destrui\u00e7\u00e3o voc\u00ea causar, mais intensa ser\u00e1 a resposta militar.<\/p>\n<h2>Componentes:<\/h2>\n<ul>\n<li>1 Livro de Regras<\/li>\n<li>1 Tabuleiro de Nova York<\/li>\n<li>6 Tabuleiros de Monstros<\/li>\n<li>6 Figuras de Papel\u00e3o<\/li>\n<li>2 Dados Verdes<\/li>\n<li>6 Dados Pretos<\/li>\n<li>45 Pe\u00e7as de Pr\u00e9dio\/Unidade<\/li>\n<li>64 Cartas de Poder<\/li>\n<li>2 Cartas de Objetivo<\/li>\n<li>50 Cubos de Energia<\/li>\n<\/ul>\n<h2>Regras para o aluguel:<\/h2>\n<ul>\n<li>O per\u00edodo de aluguel inclui a data de entrega e devolu\u00e7\u00e3o do jogo;<\/li>\n<li>O atraso na devolu\u00e7\u00e3o dos jogos, resultar\u00e1 em cobran\u00e7a adicional no valor de um aluguel di\u00e1rio por cada dia de atraso;<\/li>\n<li>Em caso de danos que comprometam a experi\u00eancia do jogo (perda ou avaria de componentes), o cliente dever\u00e1 arcar com os custos da reposi\u00e7\u00e3o dos componentes (quando dispon\u00edveis no mercado) ou aquisi\u00e7\u00e3o de um novo exemplar do jogo.<\/li>\n<\/ul>\n","protected":false},"excerpt":{"rendered":"<div class=\"woocommerce-product-details__short-description\">\n<p>O valor corresponde ao aluguel di\u00e1rio do jogo. Consulte as condi\u00e7\u00f5es abaixo.<\/p>\n<\/div>\n<div class=\"more-link-wrapper\"><a class=\"more-link\" href=\"https:\/\/cabanadoelfo.com.br\/loja\/jogo\/king-of-new-york\/\">Read More<span class=\"screen-reader-text\">King of New York<\/span><\/a><\/div>\n","protected":false},"featured_media":270,"comment_status":"open","ping_status":"closed","template":"","meta":[],"product_brand":[],"product_cat":[37,86],"product_tag":[],"class_list":{"0":"post-268","1":"product","2":"type-product","3":"status-publish","4":"has-post-thumbnail","6":"product_cat-jogo-de-cartas","7":"product_cat-jogo-de-dados","8":"pa_complexidade-jogos-familiares","9":"pa_designer-richard-garfield","10":"pa_duracao-40-min","11":"pa_editora-galapagos-jogos","12":"pa_estilo-controle-influencia-de-area","13":"pa_estilo-eliminacao-de-jogadores","14":"pa_estilo-force-sua-sorte","15":"pa_estilo-rolagem-de-dados","16":"pa_estilo-selecao-de-cartas","17":"pa_idade-35","18":"pa_idioma-portugues","19":"pa_jogadores-2-a-6","20":"pa_modo-multijogador-competitivo","21":"pa_tema-ficcao-cientifica","22":"pa_tema-geek","23":"pa_tema-luta-artes-marciais","24":"entry","26":"first","27":"instock","28":"purchasable","29":"product-type-redq_rental"},"jetpack_sharing_enabled":true,"_links":{"self":[{"href":"https:\/\/cabanadoelfo.com.br\/loja\/wp-json\/wp\/v2\/product\/268","targetHints":{"allow":["GET"]}}],"collection":[{"href":"https:\/\/cabanadoelfo.com.br\/loja\/wp-json\/wp\/v2\/product"}],"about":[{"href":"https:\/\/cabanadoelfo.com.br\/loja\/wp-json\/wp\/v2\/types\/product"}],"replies":[{"embeddable":true,"href":"https:\/\/cabanadoelfo.com.br\/loja\/wp-json\/wp\/v2\/comments?post=268"}],"wp:featuredmedia":[{"embeddable":true,"href":"https:\/\/cabanadoelfo.com.br\/loja\/wp-json\/wp\/v2\/media\/270"}],"wp:attachment":[{"href":"https:\/\/cabanadoelfo.com.br\/loja\/wp-json\/wp\/v2\/media?parent=268"}],"wp:term":[{"taxonomy":"product_brand","embeddable":true,"href":"https:\/\/cabanadoelfo.com.br\/loja\/wp-json\/wp\/v2\/product_brand?post=268"},{"taxonomy":"product_cat","embeddable":true,"href":"https:\/\/cabanadoelfo.com.br\/loja\/wp-json\/wp\/v2\/product_cat?post=268"},{"taxonomy":"product_tag","embeddable":true,"href":"https:\/\/cabanadoelfo.com.br\/loja\/wp-json\/wp\/v2\/product_tag?post=268"}],"curies":[{"name":"wp","href":"https:\/\/api.w.org\/{rel}","templated":true}]}}