{"id":225,"date":"2020-11-22T11:54:03","date_gmt":"2020-11-22T14:54:03","guid":{"rendered":"https:\/\/bloopix.com.br\/cabt2\/loja\/?post_type=product&#038;p=225"},"modified":"2026-04-04T16:21:58","modified_gmt":"2026-04-04T19:21:58","slug":"draftosaurus","status":"publish","type":"product","link":"https:\/\/cabanadoelfo.com.br\/loja\/jogo\/draftosaurus\/","title":{"rendered":"Draftosaurus"},"content":{"rendered":"<p>Seu objetivo em Draftosaurus \u00e9 ter o parque Dino com maior probabilidade de atrair visitantes. Para fazer isso, voc\u00ea deve comprar dino meeples e coloc\u00e1-los em lugares que tenham algumas restri\u00e7\u00f5es de posicionamento. Cada turno, um dos jogadores lan\u00e7a um dado e isso adiciona uma restri\u00e7\u00e3o a qual espa\u00e7o qualquer outro jogador pode adicionar seu dinossauro.<\/p>\n<p>Draftosaurus \u00e9 um jogo de sele\u00e7\u00e3o r\u00e1pido e leve, no qual voc\u00ea n\u00e3o tem uma m\u00e3o de cartas que voc\u00ea passa ao redor (depois de selecionar uma), mas um monte de dino meeples na palma da sua m\u00e3o.<\/p>\n<h2>Componentes:<\/h2>\n<ul>\n<li>1 Folheto de Regras<\/li>\n<li>1 Bolsa de Compra<\/li>\n<li>1 Dado de Coloca\u00e7\u00e3o<\/li>\n<li>5 Tabuleiros de Zoo (com um lado de ver\u00e3o e outro de inverno)<\/li>\n<li>60 Dinossauros (10 de cada uma das 6 esp\u00e9cies diferentes)<\/li>\n<\/ul>\n<h2>Regras para o aluguel:<\/h2>\n<ul>\n<li>O per\u00edodo de aluguel inclui a data de entrega e devolu\u00e7\u00e3o do jogo;<\/li>\n<li>O atraso na devolu\u00e7\u00e3o dos jogos, resultar\u00e1 em cobran\u00e7a adicional no valor de um aluguel di\u00e1rio por cada dia de atraso;<\/li>\n<li>Em caso de danos que comprometam a experi\u00eancia do jogo (perda ou avaria de componentes), o cliente dever\u00e1 arcar com os custos da reposi\u00e7\u00e3o dos componentes (quando dispon\u00edveis no mercado) ou aquisi\u00e7\u00e3o de um novo exemplar do jogo.<\/li>\n<\/ul>\n","protected":false},"excerpt":{"rendered":"<div class=\"woocommerce-product-details__short-description\">\n<p>O valor corresponde ao aluguel di\u00e1rio do jogo. Consulte as condi\u00e7\u00f5es abaixo.<\/p>\n<\/div>\n<div class=\"more-link-wrapper\"><a class=\"more-link\" href=\"https:\/\/cabanadoelfo.com.br\/loja\/jogo\/draftosaurus\/\">Read More<span class=\"screen-reader-text\">Draftosaurus<\/span><\/a><\/div>\n","protected":false},"featured_media":227,"comment_status":"open","ping_status":"closed","template":"","meta":[],"product_brand":[],"product_cat":[15],"product_tag":[],"class_list":{"0":"post-225","1":"product","2":"type-product","3":"status-publish","4":"has-post-thumbnail","6":"product_cat-jogos-de-tabuleiro","7":"pa_complexidade-jogo-de-entrada","8":"pa_complexidade-jogos-familiares","9":"pa_complexidade-jogos-infantis","10":"pa_designer-antoine-bauza","11":"pa_designer-corentin-lebrat","12":"pa_designer-ludovic-maublanc","13":"pa_designer-theo-riviere","14":"pa_duracao-15-min","15":"pa_editora-meeple-br-jogos","16":"pa_estilo-acao-simultanea","17":"pa_estilo-colecionar-componentes","18":"pa_estilo-rolagem-de-dados","19":"pa_estilo-selecao-de-cartas","20":"pa_idade-133","21":"pa_idioma-portugues","22":"pa_jogadores-2-a-5","23":"pa_modo-multijogador-competitivo","24":"pa_tema-animais","25":"pa_tema-dinossauros","26":"entry","28":"first","29":"instock","30":"purchasable","31":"product-type-redq_rental"},"jetpack_sharing_enabled":true,"_links":{"self":[{"href":"https:\/\/cabanadoelfo.com.br\/loja\/wp-json\/wp\/v2\/product\/225","targetHints":{"allow":["GET"]}}],"collection":[{"href":"https:\/\/cabanadoelfo.com.br\/loja\/wp-json\/wp\/v2\/product"}],"about":[{"href":"https:\/\/cabanadoelfo.com.br\/loja\/wp-json\/wp\/v2\/types\/product"}],"replies":[{"embeddable":true,"href":"https:\/\/cabanadoelfo.com.br\/loja\/wp-json\/wp\/v2\/comments?post=225"}],"wp:featuredmedia":[{"embeddable":true,"href":"https:\/\/cabanadoelfo.com.br\/loja\/wp-json\/wp\/v2\/media\/227"}],"wp:attachment":[{"href":"https:\/\/cabanadoelfo.com.br\/loja\/wp-json\/wp\/v2\/media?parent=225"}],"wp:term":[{"taxonomy":"product_brand","embeddable":true,"href":"https:\/\/cabanadoelfo.com.br\/loja\/wp-json\/wp\/v2\/product_brand?post=225"},{"taxonomy":"product_cat","embeddable":true,"href":"https:\/\/cabanadoelfo.com.br\/loja\/wp-json\/wp\/v2\/product_cat?post=225"},{"taxonomy":"product_tag","embeddable":true,"href":"https:\/\/cabanadoelfo.com.br\/loja\/wp-json\/wp\/v2\/product_tag?post=225"}],"curies":[{"name":"wp","href":"https:\/\/api.w.org\/{rel}","templated":true}]}}