{"id":2142,"date":"2024-09-13T18:43:53","date_gmt":"2024-09-13T21:43:53","guid":{"rendered":"https:\/\/cabanadoelfo.com.br\/loja\/?post_type=product&#038;p=2142"},"modified":"2026-02-17T08:37:10","modified_gmt":"2026-02-17T11:37:10","slug":"o-gangster-de-retrocity","status":"publish","type":"product","link":"https:\/\/cabanadoelfo.com.br\/loja\/jogo\/o-gangster-de-retrocity\/","title":{"rendered":"O G\u00e2ngster de Retrocity"},"content":{"rendered":"<p>O Gangster de Retrocity \u00e9 um jogo competitivo para 2 a 4 jogadores onde cada um assume o papel de um chefe mafioso de uma das fam\u00edlias que busca dominar o crime organizado de Retrocity.<\/p>\n<p>O jogo utiliza tabuleiros modulares, o que permite que a cidade tenha uma configura\u00e7\u00e3o diferente a cada nova partida, al\u00e9m de um baralho de 60 cartas dividido em tr\u00eas tipos: A\u00e7\u00e3o, Equipamento e Constru\u00e7\u00e3o. Todas as cartas possuem um efeito especial para auxiliar o jogador em sua busca pela vit\u00f3ria, por\u00e9m, apenas cartas de A\u00e7\u00e3o e Equipamento possuem valores que podem ser utilizadas em combate.<\/p>\n<p>A dura\u00e7\u00e3o de uma partida \u00e9 de 30 a 45 minutos e a medida que os jogadores acostumam-se com as regras, o jogo torna-se cada vez mais selvagem!<\/p>\n<p><iframe loading=\"lazy\" title=\"O Gangster de RetroCity - V\u00eddeo Explicativo 01\" width=\"500\" height=\"281\" src=\"https:\/\/www.youtube.com\/embed\/Ps45puGqh-s?feature=oembed\" frameborder=\"0\" allow=\"accelerometer; autoplay; clipboard-write; encrypted-media; gyroscope; picture-in-picture; web-share\" referrerpolicy=\"strict-origin-when-cross-origin\" allowfullscreen><\/iframe><\/p>\n<h2>Componentes:<\/h2>\n<ul>\n<li>1 Livreto de Regras<\/li>\n<li>5 Pol\u00edcias<\/li>\n<li>6 Tabuleiros Modulares<\/li>\n<li>4 Fam\u00edlias:<br \/>\n\u2013 4 G\u00e2ngsteres (1 de cada fam\u00edlia)<br \/>\n\u2013 4 Ref\u00fagios (1 de cada fam\u00edlia)<br \/>\n\u2013 40 Capangas (10 de cada fam\u00edlia)<\/li>\n<li>66 Retron\u00edqueis:<br \/>\n\u2013 57 de $1<br \/>\n\u2013 9 de $5<\/li>\n<li>1 Baralho de 60 Cartas:<br \/>\n\u2013 8 Cartas de Constru\u00e7\u00e3o<br \/>\n\u2013 16 Cartas de Equipamento<br \/>\n\u2013 36 Cartas de A\u00e7\u00e3o<\/li>\n<\/ul>\n<h2>Regras para o aluguel:<\/h2>\n<ul>\n<li>O per\u00edodo de aluguel inclui a data de entrega e devolu\u00e7\u00e3o do jogo;<\/li>\n<li>O atraso na devolu\u00e7\u00e3o dos jogos, resultar\u00e1 em cobran\u00e7a adicional no valor de um aluguel di\u00e1rio por cada dia de atraso;<\/li>\n<li>Em caso de danos que comprometam a experi\u00eancia do jogo (perda ou avaria de componentes), o cliente dever\u00e1 arcar com os custos da reposi\u00e7\u00e3o dos componentes (quando dispon\u00edveis no mercado) ou aquisi\u00e7\u00e3o de um novo exemplar do jogo.<\/li>\n<\/ul>\n","protected":false},"excerpt":{"rendered":"<div class=\"woocommerce-product-details__short-description\">\n<p>Durante a Depress\u00e3o, as ruas foram tomadas por criminosos poderosos que usavam o tr\u00e1fico de bebidas alco\u00f3licas e a viol\u00eancia para dominar os mais fracos.<\/p>\n<p>Havia apenas um grande Chef\u00e3o em Retrocity. Dom Picololotto comandava com uma pesada m\u00e3o de ferro todas as fam\u00edlias\u2026 Mas Dom Picolotto foi envenenado e as fam\u00edlias, antes unidas por um juramento, agora se rivalizam atrav\u00e9s das ruas da cidade em um combate pelo controle do crime organizado de Retrocity.<\/p>\n<\/div>\n<div class=\"more-link-wrapper\"><a class=\"more-link\" href=\"https:\/\/cabanadoelfo.com.br\/loja\/jogo\/o-gangster-de-retrocity\/\">Read More<span class=\"screen-reader-text\">O G\u00e2ngster de Retrocity<\/span><\/a><\/div>\n","protected":false},"featured_media":2147,"comment_status":"open","ping_status":"closed","template":"","meta":[],"product_brand":[],"product_cat":[37],"product_tag":[],"class_list":{"0":"post-2142","1":"product","2":"type-product","3":"status-publish","4":"has-post-thumbnail","6":"product_cat-jogo-de-cartas","7":"pa_complexidade-jogos-expert","8":"pa_designer-ramses-sohn","9":"pa_duracao-60-min","10":"pa_editora-retropunk","11":"pa_estilo-campanha-batalhas-dirigidas-por-cartas","12":"pa_estilo-colecionar-conjuntos","13":"pa_estilo-colocacao-de-pecas","14":"pa_estilo-controle-influencia-de-area","15":"pa_estilo-eliminacao-de-jogadores","16":"pa_estilo-gerenciamento-de-maos","17":"pa_estilo-movimento-de-area","18":"pa_estilo-movimento-ponto-a-ponto","19":"pa_estilo-posicionamento-secreto","20":"pa_estilo-tabuleiro-modular","21":"pa_estilo-toma-essa","22":"pa_idade-61","23":"pa_idioma-portugues","24":"pa_jogadores-2-a-4","25":"pa_modo-multijogador-competitivo","26":"pa_tema-aventura","27":"pa_tema-economia-producao","28":"pa_tema-humor","29":"pa_tema-policial","30":"entry","32":"first","33":"instock","34":"purchasable","35":"product-type-redq_rental"},"jetpack_sharing_enabled":true,"_links":{"self":[{"href":"https:\/\/cabanadoelfo.com.br\/loja\/wp-json\/wp\/v2\/product\/2142","targetHints":{"allow":["GET"]}}],"collection":[{"href":"https:\/\/cabanadoelfo.com.br\/loja\/wp-json\/wp\/v2\/product"}],"about":[{"href":"https:\/\/cabanadoelfo.com.br\/loja\/wp-json\/wp\/v2\/types\/product"}],"replies":[{"embeddable":true,"href":"https:\/\/cabanadoelfo.com.br\/loja\/wp-json\/wp\/v2\/comments?post=2142"}],"wp:featuredmedia":[{"embeddable":true,"href":"https:\/\/cabanadoelfo.com.br\/loja\/wp-json\/wp\/v2\/media\/2147"}],"wp:attachment":[{"href":"https:\/\/cabanadoelfo.com.br\/loja\/wp-json\/wp\/v2\/media?parent=2142"}],"wp:term":[{"taxonomy":"product_brand","embeddable":true,"href":"https:\/\/cabanadoelfo.com.br\/loja\/wp-json\/wp\/v2\/product_brand?post=2142"},{"taxonomy":"product_cat","embeddable":true,"href":"https:\/\/cabanadoelfo.com.br\/loja\/wp-json\/wp\/v2\/product_cat?post=2142"},{"taxonomy":"product_tag","embeddable":true,"href":"https:\/\/cabanadoelfo.com.br\/loja\/wp-json\/wp\/v2\/product_tag?post=2142"}],"curies":[{"name":"wp","href":"https:\/\/api.w.org\/{rel}","templated":true}]}}