{"id":2104,"date":"2024-09-12T17:39:17","date_gmt":"2024-09-12T20:39:17","guid":{"rendered":"https:\/\/cabanadoelfo.com.br\/loja\/?post_type=product&#038;p=2104"},"modified":"2024-09-12T18:43:30","modified_gmt":"2024-09-12T21:43:30","slug":"the-castles-of-burgundy","status":"publish","type":"product","link":"https:\/\/cabanadoelfo.com.br\/loja\/jogo\/the-castles-of-burgundy\/","title":{"rendered":"The Castles of Burgundy"},"content":{"rendered":"<p>Este jogo se passa na regi\u00e3o da Borgonha da Fran\u00e7a na alta Idade M\u00e9dia. Cada jogador assume o papel de um aristocrata, originalmente controlando um pequeno principado.<br \/>\nAssumindo o papel destes aristocratas, os jogadores podem construir assentamentos e castelos poderosos, praticar com\u00e9rcio ao longo do rio, explorar minas de prata, e usar o conhecimento de viajantes.<br \/>\nO jogo \u00e9 sobre a coloca\u00e7\u00e3o de pe\u00e7as no tabuleiro para o principado. O mecanismo de jogo principal envolve dois dados.<br \/>\n\u00c9 poss\u00edvel influenciar os n\u00fameros obtidos nos dados, de modo que o jogo n\u00e3o \u00e9 completamente sujeito \u00e0 sorte.<br \/>\nAs regras incluem vers\u00f5es b\u00e1sicas e avan\u00e7adas.<\/p>\n<p><iframe loading=\"lazy\" title=\"The Castles of Burgundy - Regras - Aprenda em Minutos\" width=\"500\" height=\"281\" src=\"https:\/\/www.youtube.com\/embed\/2N_alJ4Mbi4?feature=oembed\" frameborder=\"0\" allow=\"accelerometer; autoplay; clipboard-write; encrypted-media; gyroscope; picture-in-picture; web-share\" referrerpolicy=\"strict-origin-when-cross-origin\" allowfullscreen><\/iframe><\/p>\n<h2>Componentes:<\/h2>\n<ul>\n<li>1 Livro de Regras<\/li>\n<li>1 Tabuleiro Central<\/li>\n<li>6 Tabuleiros dos Jogadores<\/li>\n<li>40 Pe\u00e7as Hexagonais (verso preto), conforme abaixo:<br \/>\n\u2013 16 Pe\u00e7as de Constru\u00e7\u00e3o (beges)<br \/>\n\u2013 8 Pe\u00e7as de Fazenda (verdes)<br \/>\n\u2013 6 Pe\u00e7as de Tecnologia (amarelas)<br \/>\n\u2013 6 Pe\u00e7as de Navios (azuis)<br \/>\n\u2013 2 Pe\u00e7as de Castelos (verdes-escuros)<br \/>\n\u2013 2 Pe\u00e7as de Minas (cinzas)<\/li>\n<li>40 Pe\u00e7as de Constru\u00e7\u00e3o (hexagonais, verso bege)<\/li>\n<li>20 Pe\u00e7as de Tecnologia (hexagonais, verso amarelo)<\/li>\n<li>20 Pe\u00e7as de Navios (hexagonais, verso azul)<\/li>\n<li>20 Pe\u00e7as de Fazendas (hexagonais, verso verde)<\/li>\n<li>14 Pe\u00e7as de Castelos (hexagonais, verso verde-escuro)<\/li>\n<li>10 Pe\u00e7as de Minas (hexagonais, verso cinza)<\/li>\n<li>42 Pe\u00e7as de Mercadorias (quadradas, 6 cores, 7 de cada cor)<\/li>\n<li>30 Pe\u00e7as de Trabalhadores (quadradas pequenas, beges)<\/li>\n<li>12 Pe\u00e7as B\u00f4nus (quadradas, 1 pequena e 1 grande em 6 cores)<\/li>\n<li>4 Discos de Pontos (1 em cada cor)<\/li>\n<li>8 Marcadores (2 em cada cor)<\/li>\n<li>9 Dados (2 em cada cor e 1 branco)<\/li>\n<\/ul>\n<p>&nbsp;<\/p>\n<p>&nbsp;<\/p>\n<h2>Regras para o aluguel:<\/h2>\n<ul>\n<li>O per\u00edodo de aluguel inclui a data de entrega e devolu\u00e7\u00e3o do jogo;<\/li>\n<li>O atraso na devolu\u00e7\u00e3o dos jogos, resultar\u00e1 em cobran\u00e7a adicional no valor de um aluguel di\u00e1rio por cada dia de atraso;<\/li>\n<li>Em caso de danos que comprometam a experi\u00eancia do jogo (perda ou avaria de componentes), o cliente dever\u00e1 arcar com os custos da reposi\u00e7\u00e3o dos componentes (quando dispon\u00edveis no mercado) ou aquisi\u00e7\u00e3o de um novo exemplar do jogo.<\/li>\n<\/ul>\n","protected":false},"excerpt":{"rendered":"<div class=\"woocommerce-product-details__short-description\">\n<p>Vale do Loire, s\u00e9culo 15. Como pr\u00edncipes influentes, cada jogador usa todos os seus esfor\u00e7os para fazer seus principados florescerem atrav\u00e9s de negocia\u00e7\u00f5es e vendas bem planejadas.<\/p>\n<\/div>\n<div class=\"more-link-wrapper\"><a class=\"more-link\" href=\"https:\/\/cabanadoelfo.com.br\/loja\/jogo\/the-castles-of-burgundy\/\">Read More<span class=\"screen-reader-text\">The Castles of Burgundy<\/span><\/a><\/div>\n","protected":false},"featured_media":2116,"comment_status":"open","ping_status":"closed","template":"","meta":[],"product_brand":[],"product_cat":[86,15],"product_tag":[],"class_list":{"0":"post-2104","1":"product","2":"type-product","3":"status-publish","4":"has-post-thumbnail","6":"product_cat-jogo-de-dados","7":"product_cat-jogos-de-tabuleiro","8":"pa_complexidade-jogos-expert","9":"pa_designer-stefan-feld","10":"pa_duracao-45-min","11":"pa_editora-grow","12":"pa_estilo-alocacao-de-trabalhadores","13":"pa_estilo-bonus-de-fim-de-jogo","14":"pa_estilo-colecionar-conjuntos","15":"pa_estilo-colocacao-de-pecas","16":"pa_estilo-construcao-a-partir-de-modelo","17":"pa_estilo-grade-hexagonal","18":"pa_estilo-rolagem-de-dados","19":"pa_idade-35","20":"pa_idioma-portugues","21":"pa_jogadores-2-a-4","22":"pa_modo-multijogador-competitivo","23":"pa_tema-economia-producao","24":"pa_tema-historia","25":"pa_tema-medieval","26":"entry","28":"first","29":"instock","30":"purchasable","31":"product-type-redq_rental"},"jetpack_sharing_enabled":true,"_links":{"self":[{"href":"https:\/\/cabanadoelfo.com.br\/loja\/wp-json\/wp\/v2\/product\/2104","targetHints":{"allow":["GET"]}}],"collection":[{"href":"https:\/\/cabanadoelfo.com.br\/loja\/wp-json\/wp\/v2\/product"}],"about":[{"href":"https:\/\/cabanadoelfo.com.br\/loja\/wp-json\/wp\/v2\/types\/product"}],"replies":[{"embeddable":true,"href":"https:\/\/cabanadoelfo.com.br\/loja\/wp-json\/wp\/v2\/comments?post=2104"}],"wp:featuredmedia":[{"embeddable":true,"href":"https:\/\/cabanadoelfo.com.br\/loja\/wp-json\/wp\/v2\/media\/2116"}],"wp:attachment":[{"href":"https:\/\/cabanadoelfo.com.br\/loja\/wp-json\/wp\/v2\/media?parent=2104"}],"wp:term":[{"taxonomy":"product_brand","embeddable":true,"href":"https:\/\/cabanadoelfo.com.br\/loja\/wp-json\/wp\/v2\/product_brand?post=2104"},{"taxonomy":"product_cat","embeddable":true,"href":"https:\/\/cabanadoelfo.com.br\/loja\/wp-json\/wp\/v2\/product_cat?post=2104"},{"taxonomy":"product_tag","embeddable":true,"href":"https:\/\/cabanadoelfo.com.br\/loja\/wp-json\/wp\/v2\/product_tag?post=2104"}],"curies":[{"name":"wp","href":"https:\/\/api.w.org\/{rel}","templated":true}]}}