{"id":2085,"date":"2024-09-12T15:09:16","date_gmt":"2024-09-12T18:09:16","guid":{"rendered":"https:\/\/cabanadoelfo.com.br\/loja\/?post_type=product&#038;p=2085"},"modified":"2024-12-28T12:13:08","modified_gmt":"2024-12-28T15:13:08","slug":"exploding-kittens","status":"publish","type":"product","link":"https:\/\/cabanadoelfo.com.br\/loja\/jogo\/exploding-kittens\/","title":{"rendered":"Exploding Kittens"},"content":{"rendered":"<p>Exploding Kittens \u00e9 uma vers\u00e3o da Roleta Russa altamente estrat\u00e9gica movida a gatinhos. Os jogadores fazem seus turnos comprando cartas at\u00e9 que algu\u00e9m compre um gatinho explosivo e perca o jogo. O baralho \u00e9 formado de cartas que permitem a voc\u00ea evitar a explos\u00e3o espiando a carta antes de compr\u00e1-la, for\u00e7ando seu oponente a comprar m\u00faltiplas cartas ou embaralhando a pilha de compra.<\/p>\n<p>O jogo fica mais e mais intenso a cada carta que voc\u00ea compra porque quanto menos cartas dispon\u00edveis no baralho, maior a chance de comprar um gatinho e explodir em uma gigantesca bola de fogo felino.<\/p>\n<p>Expoding Kittens \u00e9 o kickstarter com o maior n\u00famero de apoiadores da hist\u00f3ria!<\/p>\n<p>O \u00fanico jeito de evitar a explos\u00e3o \u00e9 usando uma das cartas de desarmar, que t\u00eam o poder de acalmar os bichanos. As outras cartas do baralho s\u00e3o usadas para construir uma estrat\u00e9gia ao deslocar, eliminar ou evitar os gatinhos explosivos.<\/p>\n<p><iframe loading=\"lazy\" title=\"\ud83d\ude38 Aprenda R\u00e1pido e F\u00e1cil | Exploding Kittens \ud83d\ude38\" width=\"500\" height=\"281\" src=\"https:\/\/www.youtube.com\/embed\/3fnOYqGstoo?feature=oembed\" frameborder=\"0\" allow=\"accelerometer; autoplay; clipboard-write; encrypted-media; gyroscope; picture-in-picture; web-share\" referrerpolicy=\"strict-origin-when-cross-origin\" allowfullscreen><\/iframe><\/p>\n<h2>Componentes:<\/h2>\n<ul>\n<li>1 Folheto de Regras<\/li>\n<li>56 Cartas<\/li>\n<\/ul>\n<h2>Regras para o aluguel:<\/h2>\n<ul>\n<li>O per\u00edodo de aluguel inclui a data de entrega e devolu\u00e7\u00e3o do jogo;<\/li>\n<li>O atraso na devolu\u00e7\u00e3o dos jogos, resultar\u00e1 em cobran\u00e7a adicional no valor de um aluguel di\u00e1rio por cada dia de atraso;<\/li>\n<li>Em caso de danos que comprometam a experi\u00eancia do jogo (perda ou avaria de componentes), o cliente dever\u00e1 arcar com os custos da reposi\u00e7\u00e3o dos componentes (quando dispon\u00edveis no mercado) ou aquisi\u00e7\u00e3o de um novo exemplar do jogo.<\/li>\n<\/ul>\n","protected":false},"excerpt":{"rendered":"<div class=\"woocommerce-product-details__short-description\">\n<p>Neste jogo de humor nonsense, o jogador precisa tentar escapar do risco de explodir, livrando-se de situa\u00e7\u00f5es de perigo e colocando os demais competidores em apuros. Voc\u00ea aprende a jogar em cinco minutos: ser\u00e1 que tamb\u00e9m vai explodir t\u00e3o r\u00e1pido?<\/p>\n<\/div>\n<div class=\"more-link-wrapper\"><a class=\"more-link\" href=\"https:\/\/cabanadoelfo.com.br\/loja\/jogo\/exploding-kittens\/\">Read More<span class=\"screen-reader-text\">Exploding Kittens<\/span><\/a><\/div>\n","protected":false},"featured_media":2091,"comment_status":"open","ping_status":"closed","template":"","meta":[],"product_brand":[],"product_cat":[37],"product_tag":[],"class_list":{"0":"post-2085","1":"product","2":"type-product","3":"status-publish","4":"has-post-thumbnail","6":"product_cat-jogo-de-cartas","7":"pa_complexidade-jogos-familiares","8":"pa_designer-elan-lee","9":"pa_designer-matthew-inman","10":"pa_designer-shane-small","11":"pa_duracao-15-min","12":"pa_editora-galapagos-jogos","13":"pa_estilo-colecionar-conjuntos","14":"pa_estilo-eliminacao-de-jogadores","15":"pa_estilo-force-sua-sorte","16":"pa_estilo-gerenciamento-de-maos","17":"pa_estilo-toma-essa","18":"pa_idade-133","19":"pa_idioma-portugues","20":"pa_jogadores-2-a-5","21":"pa_modo-multijogador-competitivo","22":"pa_tema-animais","23":"pa_tema-humor","24":"entry","26":"first","27":"instock","28":"purchasable","29":"product-type-redq_rental"},"jetpack_sharing_enabled":true,"_links":{"self":[{"href":"https:\/\/cabanadoelfo.com.br\/loja\/wp-json\/wp\/v2\/product\/2085","targetHints":{"allow":["GET"]}}],"collection":[{"href":"https:\/\/cabanadoelfo.com.br\/loja\/wp-json\/wp\/v2\/product"}],"about":[{"href":"https:\/\/cabanadoelfo.com.br\/loja\/wp-json\/wp\/v2\/types\/product"}],"replies":[{"embeddable":true,"href":"https:\/\/cabanadoelfo.com.br\/loja\/wp-json\/wp\/v2\/comments?post=2085"}],"wp:featuredmedia":[{"embeddable":true,"href":"https:\/\/cabanadoelfo.com.br\/loja\/wp-json\/wp\/v2\/media\/2091"}],"wp:attachment":[{"href":"https:\/\/cabanadoelfo.com.br\/loja\/wp-json\/wp\/v2\/media?parent=2085"}],"wp:term":[{"taxonomy":"product_brand","embeddable":true,"href":"https:\/\/cabanadoelfo.com.br\/loja\/wp-json\/wp\/v2\/product_brand?post=2085"},{"taxonomy":"product_cat","embeddable":true,"href":"https:\/\/cabanadoelfo.com.br\/loja\/wp-json\/wp\/v2\/product_cat?post=2085"},{"taxonomy":"product_tag","embeddable":true,"href":"https:\/\/cabanadoelfo.com.br\/loja\/wp-json\/wp\/v2\/product_tag?post=2085"}],"curies":[{"name":"wp","href":"https:\/\/api.w.org\/{rel}","templated":true}]}}