{"id":2042,"date":"2024-09-11T16:49:10","date_gmt":"2024-09-11T19:49:10","guid":{"rendered":"https:\/\/cabanadoelfo.com.br\/loja\/?post_type=product&#038;p=2042"},"modified":"2024-09-11T17:55:55","modified_gmt":"2024-09-11T20:55:55","slug":"loading","status":"publish","type":"product","link":"https:\/\/cabanadoelfo.com.br\/loja\/jogo\/loading\/","title":{"rendered":"Loading"},"content":{"rendered":"<p>Quem ser\u00e1 o mais r\u00e1pido\u2026 ou o mais esperto? Loading \u00e9 f\u00e1cil de aprender e r\u00e1pido de jogar:<\/p>\n<p>1) Olhe seu baralho e escolha uma carta (mas seja r\u00e1pido!)<br \/>\n2) Jogue uma carta na sua pilha \u2013 ou na de outro jogador (o mais r\u00e1pido que puder!)<br \/>\n3) Entregue seu baralho e pegue outro (sem perder tempo!)<\/p>\n<p>Quando tiver acumulado pontos suficientes, voc\u00ea pode descartar o baralho e pegar uma carta b\u00f4nus. Quando as cartas b\u00f4nus terminarem, o jogador com mais pontos vence!<\/p>\n<p>Loading proporciona partidas emocionantes do in\u00edcio ao fim. O jogo inclui ainda um modo para 2 jogadores, al\u00e9m de um modo avan\u00e7ado para jogadores experientes.<\/p>\n<p><iframe loading=\"lazy\" title=\"LOADING em 9 minutos | Regras + Review\" width=\"500\" height=\"281\" src=\"https:\/\/www.youtube.com\/embed\/0-c5gaM6ASY?feature=oembed\" frameborder=\"0\" allow=\"accelerometer; autoplay; clipboard-write; encrypted-media; gyroscope; picture-in-picture; web-share\" referrerpolicy=\"strict-origin-when-cross-origin\" allowfullscreen><\/iframe><\/p>\n<h2>Componentes:<\/h2>\n<ul>\n<li>1 Folheto de Regras<\/li>\n<li>77 Cartas<\/li>\n<\/ul>\n<h2>Regras para o aluguel:<\/h2>\n<ul>\n<li>O per\u00edodo de aluguel inclui a data de entrega e devolu\u00e7\u00e3o do jogo;<\/li>\n<li>O atraso na devolu\u00e7\u00e3o dos jogos, resultar\u00e1 em cobran\u00e7a adicional no valor de um aluguel di\u00e1rio por cada dia de atraso;<\/li>\n<li>Em caso de danos que comprometam a experi\u00eancia do jogo (perda ou avaria de componentes), o cliente dever\u00e1 arcar com os custos da reposi\u00e7\u00e3o dos componentes (quando dispon\u00edveis no mercado) ou aquisi\u00e7\u00e3o de um novo exemplar do jogo.<\/li>\n<\/ul>\n","protected":false},"excerpt":{"rendered":"<div class=\"woocommerce-product-details__short-description\">\n<p>Em Loading, os jogadores tentam, todos ao mesmo tempo, juntar o m\u00e1ximo que conseguirem de pontos de progresso.<\/p>\n<\/div>\n<div class=\"more-link-wrapper\"><a class=\"more-link\" href=\"https:\/\/cabanadoelfo.com.br\/loja\/jogo\/loading\/\">Read More<span class=\"screen-reader-text\">Loading<\/span><\/a><\/div>\n","protected":false},"featured_media":2048,"comment_status":"open","ping_status":"closed","template":"","meta":[],"product_brand":[],"product_cat":[37],"product_tag":[],"class_list":{"0":"post-2042","1":"product","2":"type-product","3":"status-publish","4":"has-post-thumbnail","6":"product_cat-jogo-de-cartas","7":"pa_complexidade-jogos-familiares","8":"pa_complexidade-jogo-festivo","9":"pa_designer-marc-paquien","10":"pa_duracao-5-min","11":"pa_editora-papergames","12":"pa_estilo-acao-simultanea","13":"pa_estilo-compra-fechada","14":"pa_estilo-correspondencia-rapida","15":"pa_estilo-morte-subita","16":"pa_idade-133","17":"pa_idioma-portugues","18":"pa_jogadores-2-a-7","19":"pa_modo-multijogador-competitivo","20":"pa_tema-corrida","21":"entry","23":"first","24":"instock","25":"purchasable","26":"product-type-redq_rental"},"jetpack_sharing_enabled":true,"_links":{"self":[{"href":"https:\/\/cabanadoelfo.com.br\/loja\/wp-json\/wp\/v2\/product\/2042","targetHints":{"allow":["GET"]}}],"collection":[{"href":"https:\/\/cabanadoelfo.com.br\/loja\/wp-json\/wp\/v2\/product"}],"about":[{"href":"https:\/\/cabanadoelfo.com.br\/loja\/wp-json\/wp\/v2\/types\/product"}],"replies":[{"embeddable":true,"href":"https:\/\/cabanadoelfo.com.br\/loja\/wp-json\/wp\/v2\/comments?post=2042"}],"wp:featuredmedia":[{"embeddable":true,"href":"https:\/\/cabanadoelfo.com.br\/loja\/wp-json\/wp\/v2\/media\/2048"}],"wp:attachment":[{"href":"https:\/\/cabanadoelfo.com.br\/loja\/wp-json\/wp\/v2\/media?parent=2042"}],"wp:term":[{"taxonomy":"product_brand","embeddable":true,"href":"https:\/\/cabanadoelfo.com.br\/loja\/wp-json\/wp\/v2\/product_brand?post=2042"},{"taxonomy":"product_cat","embeddable":true,"href":"https:\/\/cabanadoelfo.com.br\/loja\/wp-json\/wp\/v2\/product_cat?post=2042"},{"taxonomy":"product_tag","embeddable":true,"href":"https:\/\/cabanadoelfo.com.br\/loja\/wp-json\/wp\/v2\/product_tag?post=2042"}],"curies":[{"name":"wp","href":"https:\/\/api.w.org\/{rel}","templated":true}]}}