{"id":2040,"date":"2024-09-11T15:15:45","date_gmt":"2024-09-11T18:15:45","guid":{"rendered":"https:\/\/cabanadoelfo.com.br\/loja\/?post_type=product&#038;p=2040"},"modified":"2024-09-11T19:30:50","modified_gmt":"2024-09-11T22:30:50","slug":"a-game-of-cat-and-mouth","status":"publish","type":"product","link":"https:\/\/cabanadoelfo.com.br\/loja\/jogo\/a-game-of-cat-and-mouth\/","title":{"rendered":"A Game of Cat and Mouth"},"content":{"rendered":"<p>Descubra um novo n\u00edvel de divers\u00e3o com A Game of Cat &amp; Mouth, o mais recente jogo de tabuleiro do est\u00fadio Exploding Kittens. Este jogo inovador \u00e9 projetado para 2 jogadores e oferece uma experi\u00eancia \u00fanica e competitiva.<\/p>\n<p>A disputa acontece na pr\u00f3pria caixa do jogo, que se torna uma arena de guerra de bolas tendo uma grande cabe\u00e7a de gato como centro. O objetivo \u00e9 acertar as bolinhas que s\u00e3o partes do rosto do gato &#8211; nariz e dentes &#8211; e fazer com que seus arremessos cheguem do outro lado do campo.<\/p>\n<p>A Game of Cat &amp; Mouth tem tudo a ver com rapidez, pensamento r\u00e1pido e precis\u00e3o. \u00c9 como o air hockey, mas em vez de air e hockey, s\u00e3o gatos e arco-\u00edris!<\/p>\n<p><iframe loading=\"lazy\" title=\"A GAME OF CAT &amp; MOUTH | Resumo Voad\u00e3o\" width=\"500\" height=\"281\" src=\"https:\/\/www.youtube.com\/embed\/heC_gSiDX6A?feature=oembed\" frameborder=\"0\" allow=\"accelerometer; autoplay; clipboard-write; encrypted-media; gyroscope; picture-in-picture; web-share\" referrerpolicy=\"strict-origin-when-cross-origin\" allowfullscreen><\/iframe><\/p>\n<h2>Componentes:<\/h2>\n<ul>\n<li>1 Folheto de Regras<\/li>\n<li>1 Tabuleiro\/Caixa Dobr\u00e1vel<\/li>\n<li>2 Patapultas Magn\u00e9ticas<\/li>\n<li>17 Bolinhas de Pl\u00e1stico (2 pretas, 5 brancas e 10 amarelas)<\/li>\n<li>1 Cabe\u00e7a de Gato<\/li>\n<li>6 Paredes Laterais<\/li>\n<\/ul>\n<h2>Regras para o aluguel:<\/h2>\n<ul>\n<li>O per\u00edodo de aluguel inclui a data de entrega e devolu\u00e7\u00e3o do jogo;<\/li>\n<li>O atraso na devolu\u00e7\u00e3o dos jogos, resultar\u00e1 em cobran\u00e7a adicional no valor de um aluguel di\u00e1rio por cada dia de atraso;<\/li>\n<li>Em caso de danos que comprometam a experi\u00eancia do jogo (perda ou avaria de componentes), o cliente dever\u00e1 arcar com os custos da reposi\u00e7\u00e3o dos componentes (quando dispon\u00edveis no mercado) ou aquisi\u00e7\u00e3o de um novo exemplar do jogo.<\/li>\n<\/ul>\n","protected":false},"excerpt":{"rendered":"<div class=\"woocommerce-product-details__short-description\">\n<p>Um jogo estilo Pinball caoticamente competitivo, movido a \u00edm\u00e3s e altamente viciante! Dos mesmos criadores de Exploding Kittens!<\/p>\n<\/div>\n<div class=\"more-link-wrapper\"><a class=\"more-link\" href=\"https:\/\/cabanadoelfo.com.br\/loja\/jogo\/a-game-of-cat-and-mouth\/\">Read More<span class=\"screen-reader-text\">A Game of Cat and Mouth<\/span><\/a><\/div>\n","protected":false},"featured_media":2059,"comment_status":"open","ping_status":"closed","template":"","meta":[],"product_brand":[],"product_cat":[15],"product_tag":[],"class_list":{"0":"post-2040","1":"product","2":"type-product","3":"status-publish","4":"has-post-thumbnail","6":"product_cat-jogos-de-tabuleiro","7":"pa_complexidade-jogo-de-entrada","8":"pa_complexidade-jogos-familiares","9":"pa_complexidade-jogo-festivo","10":"pa_complexidade-jogos-infantis","11":"pa_designer-elan-lee","12":"pa_designer-matthew-inman","13":"pa_designer-shane-small","14":"pa_duracao-15-min","15":"pa_editora-galapagos-jogos","16":"pa_estilo-destreza","17":"pa_estilo-tempo-real","18":"pa_idade-51","19":"pa_idioma-portugues","20":"pa_jogadores-205","21":"pa_modo-multijogador-competitivo","22":"pa_tema-animais","23":"pa_tema-esportes","24":"entry","26":"first","27":"instock","28":"purchasable","29":"product-type-redq_rental"},"jetpack_sharing_enabled":true,"_links":{"self":[{"href":"https:\/\/cabanadoelfo.com.br\/loja\/wp-json\/wp\/v2\/product\/2040","targetHints":{"allow":["GET"]}}],"collection":[{"href":"https:\/\/cabanadoelfo.com.br\/loja\/wp-json\/wp\/v2\/product"}],"about":[{"href":"https:\/\/cabanadoelfo.com.br\/loja\/wp-json\/wp\/v2\/types\/product"}],"replies":[{"embeddable":true,"href":"https:\/\/cabanadoelfo.com.br\/loja\/wp-json\/wp\/v2\/comments?post=2040"}],"wp:featuredmedia":[{"embeddable":true,"href":"https:\/\/cabanadoelfo.com.br\/loja\/wp-json\/wp\/v2\/media\/2059"}],"wp:attachment":[{"href":"https:\/\/cabanadoelfo.com.br\/loja\/wp-json\/wp\/v2\/media?parent=2040"}],"wp:term":[{"taxonomy":"product_brand","embeddable":true,"href":"https:\/\/cabanadoelfo.com.br\/loja\/wp-json\/wp\/v2\/product_brand?post=2040"},{"taxonomy":"product_cat","embeddable":true,"href":"https:\/\/cabanadoelfo.com.br\/loja\/wp-json\/wp\/v2\/product_cat?post=2040"},{"taxonomy":"product_tag","embeddable":true,"href":"https:\/\/cabanadoelfo.com.br\/loja\/wp-json\/wp\/v2\/product_tag?post=2040"}],"curies":[{"name":"wp","href":"https:\/\/api.w.org\/{rel}","templated":true}]}}