{"id":1839,"date":"2024-03-09T20:02:32","date_gmt":"2024-03-09T23:02:32","guid":{"rendered":"https:\/\/cabanadoelfo.com.br\/loja\/?post_type=product&#038;p=1839"},"modified":"2024-09-10T18:43:08","modified_gmt":"2024-09-10T21:43:08","slug":"dino-escape","status":"publish","type":"product","link":"https:\/\/cabanadoelfo.com.br\/loja\/jogo\/dino-escape\/","title":{"rendered":"Dino Escape"},"content":{"rendered":"<p><strong>Ka-booooo!<\/strong><\/p>\n<p>De repente a terra come\u00e7a a tremer e o c\u00e9u escurece como se fosse noite. Um grande vulc\u00e3o est\u00e1 prestes a entrar em erup\u00e7\u00e3o!<\/p>\n<p>Dino Escape \u00e9 um intenso jogo de coloca\u00e7\u00e3o de pe\u00e7as, onde cada jogada conta para sua sobreviv\u00eancia. Construa o melhor caminho, mas cuidado com as artimanhas dos seus advers\u00e1rios.<\/p>\n<p><iframe loading=\"lazy\" title=\"Dino Escape - Como Jogar\" width=\"500\" height=\"281\" src=\"https:\/\/www.youtube.com\/embed\/eLm-hG0_V3A?feature=oembed\" frameborder=\"0\" allow=\"accelerometer; autoplay; clipboard-write; encrypted-media; gyroscope; picture-in-picture; web-share\" referrerpolicy=\"strict-origin-when-cross-origin\" allowfullscreen><\/iframe><\/p>\n<h2>Componentes:<\/h2>\n<ul>\n<li>1 Manual de regras<\/li>\n<li>1 Pe\u00e7a de Vulc\u00e3o<\/li>\n<li>3 Marcadores de Erup\u00e7\u00e3o<\/li>\n<li>4 DinoMeeples (1 por jogador)<\/li>\n<li>4 Pe\u00e7as de Caminho Iniciais (1 por jogador)<\/li>\n<li>48 Pe\u00e7as de Caminho (12 por jogador)<\/li>\n<li>4 Pe\u00e7as de Ptero-t\u00e1xi (1 por jogador)<\/li>\n<\/ul>\n<h2>Regras para o aluguel:<\/h2>\n<ul>\n<li>O per\u00edodo de aluguel inclui a data de entrega e devolu\u00e7\u00e3o do jogo;<\/li>\n<li>O atraso na devolu\u00e7\u00e3o dos jogos, resultar\u00e1 em cobran\u00e7a adicional no valor de um aluguel di\u00e1rio por cada dia de atraso;<\/li>\n<li>Em caso de danos que comprometam a experi\u00eancia do jogo (perda ou avaria de componentes), o cliente dever\u00e1 arcar com os custos da reposi\u00e7\u00e3o dos componentes (quando dispon\u00edveis no mercado) ou aquisi\u00e7\u00e3o de um novo exemplar do jogo.<\/li>\n<\/ul>\n","protected":false},"excerpt":{"rendered":"<div class=\"woocommerce-product-details__short-description\">\n<p>Um vulc\u00e3o que estava dormente h\u00e1 s\u00e9culos entra em erup\u00e7\u00e3o, amea\u00e7ando cobrir todo o vale em lava. Ajude a salvar seu dinossauro da extin\u00e7\u00e3o, escapando para o mais longe poss\u00edvel do rio de lava ardente!<\/p>\n<\/div>\n<div class=\"more-link-wrapper\"><a class=\"more-link\" href=\"https:\/\/cabanadoelfo.com.br\/loja\/jogo\/dino-escape\/\">Read More<span class=\"screen-reader-text\">Dino Escape<\/span><\/a><\/div>\n","protected":false},"featured_media":1841,"comment_status":"open","ping_status":"closed","template":"","meta":[],"product_brand":[],"product_cat":[15],"product_tag":[],"class_list":{"0":"post-1839","1":"product","2":"type-product","3":"status-publish","4":"has-post-thumbnail","6":"product_cat-jogos-de-tabuleiro","7":"pa_complexidade-jogos-infantis","8":"pa_designer-eduardo-andrade","9":"pa_duracao-30-min","10":"pa_editora-tgm","11":"pa_estilo-colocacao-de-pecas","12":"pa_estilo-construcao-de-rotas","13":"pa_estilo-eliminacao-de-jogadores","14":"pa_estilo-grade-com-quadrados","15":"pa_estilo-movimento-ponto-a-ponto","16":"pa_estilo-toma-essa","17":"pa_idade-133","18":"pa_idioma-portugues","19":"pa_jogadores-2-a-4","20":"pa_modo-multijogador-competitivo","21":"pa_tema-corrida","22":"pa_tema-dinossauros","23":"pa_tema-pre-historico","24":"entry","26":"first","27":"instock","28":"purchasable","29":"product-type-redq_rental"},"jetpack_sharing_enabled":true,"_links":{"self":[{"href":"https:\/\/cabanadoelfo.com.br\/loja\/wp-json\/wp\/v2\/product\/1839","targetHints":{"allow":["GET"]}}],"collection":[{"href":"https:\/\/cabanadoelfo.com.br\/loja\/wp-json\/wp\/v2\/product"}],"about":[{"href":"https:\/\/cabanadoelfo.com.br\/loja\/wp-json\/wp\/v2\/types\/product"}],"replies":[{"embeddable":true,"href":"https:\/\/cabanadoelfo.com.br\/loja\/wp-json\/wp\/v2\/comments?post=1839"}],"wp:featuredmedia":[{"embeddable":true,"href":"https:\/\/cabanadoelfo.com.br\/loja\/wp-json\/wp\/v2\/media\/1841"}],"wp:attachment":[{"href":"https:\/\/cabanadoelfo.com.br\/loja\/wp-json\/wp\/v2\/media?parent=1839"}],"wp:term":[{"taxonomy":"product_brand","embeddable":true,"href":"https:\/\/cabanadoelfo.com.br\/loja\/wp-json\/wp\/v2\/product_brand?post=1839"},{"taxonomy":"product_cat","embeddable":true,"href":"https:\/\/cabanadoelfo.com.br\/loja\/wp-json\/wp\/v2\/product_cat?post=1839"},{"taxonomy":"product_tag","embeddable":true,"href":"https:\/\/cabanadoelfo.com.br\/loja\/wp-json\/wp\/v2\/product_tag?post=1839"}],"curies":[{"name":"wp","href":"https:\/\/api.w.org\/{rel}","templated":true}]}}