{"id":1660,"date":"2024-01-08T19:43:51","date_gmt":"2024-01-08T22:43:51","guid":{"rendered":"https:\/\/cabanadoelfo.com.br\/loja\/?post_type=product&#038;p=1660"},"modified":"2024-03-11T07:39:33","modified_gmt":"2024-03-11T10:39:33","slug":"renature","status":"publish","type":"product","link":"https:\/\/cabanadoelfo.com.br\/loja\/jogo\/renature\/","title":{"rendered":"Renature"},"content":{"rendered":"<p>O vale polu\u00eddo j\u00e1 foi repleto de vida, numa harmonia de encher os olhos. Corujas, carac\u00f3is, borboletas, castores e muitos outros animais povoavam a regi\u00e3o, mas foram embora depois que as plantas murcharam, as \u00e1rvores foram derrubadas e as \u00e1guas foram sujas. O vale polu\u00eddo era exuberante, at\u00e9 ficar, bom, voc\u00ea j\u00e1 sabe&#8230;<\/p>\n<p>Agora, cabe aos jogadores traz\u00ea-lo de volta aos seus dias gloriosos, recuperando a natureza e devolvendo os animais de volta a seu habitat natural. E tudo isso usando uma mec\u00e2nica inovadora que mistura domin\u00f3s, controle de territ\u00f3rios e gest\u00e3o de recursos, criada por uma dupla premiad\u00edssima: Michael Kiesling e Wolfgang Kramer.<\/p>\n<p>Posicione os domin\u00f3s com animais ao redor dos canteiros, plante suas \u00e1rvores nos campos adjacentes e pontue. Mas aten\u00e7\u00e3o, o n\u00famero de plantas \u00e9 limitado e para recuper\u00e1-las ser\u00e1 preciso gastar suas fichas de nuvem. E se os domin\u00f3s acabarem? O jogo tamb\u00e9m acaba e as pontua\u00e7\u00f5es s\u00e3o contabilizadas.<\/p>\n<p>S\u00e3o in\u00fameros caminhos para a vit\u00f3ria, trazendo alta rejogabilidade e n\u00edvel de estrat\u00e9gia, mas tudo isso de uma maneira f\u00e1cil e amig\u00e1vel para novos jogadores. Em Renature, salvar o vale polu\u00eddo \u00e9 uma tarefa para todos, mas s\u00f3 haver\u00e1 um vencedor. Ainda assim, trazer a vida de volta \u00e0 natureza \u00e9 uma vit\u00f3ria e tanto.<\/p>\n<p><iframe loading=\"lazy\" title=\"Renature - Review com Jack Explicador\" width=\"500\" height=\"281\" src=\"https:\/\/www.youtube.com\/embed\/dH_33tsmrbk?feature=oembed\" frameborder=\"0\" allow=\"accelerometer; autoplay; clipboard-write; encrypted-media; gyroscope; picture-in-picture; web-share\" referrerpolicy=\"strict-origin-when-cross-origin\" allowfullscreen><\/iframe><\/p>\n<h2>Componentes:<\/h2>\n<ul>\n<li>1 Livro de Regras<\/li>\n<li>1 Tabuleiro<\/li>\n<li>1 Marcador de Curinga de Madeira<\/li>\n<li>3 Sacos de Linho<\/li>\n<li>4 Tabuleiros Pessoais<\/li>\n<li>4 Marcadores de Ponto de Madeira<\/li>\n<li>21 Marcadores de \u00c1rea<\/li>\n<li>30 Fichas de Nuvem<\/li>\n<li>55 Domin\u00f3s de Madeira<\/li>\n<li>74 Plantas de Madeira<\/li>\n<\/ul>\n<h2>Regras para o aluguel:<\/h2>\n<ul>\n<li>O per\u00edodo de aluguel inclui a data de entrega e devolu\u00e7\u00e3o do jogo;<\/li>\n<li>O atraso na devolu\u00e7\u00e3o dos jogos, resultar\u00e1 em cobran\u00e7a adicional no valor de um aluguel di\u00e1rio por cada dia de atraso;<\/li>\n<li>Em caso de danos que comprometam a experi\u00eancia do jogo (perda ou avaria de componentes), o cliente dever\u00e1 arcar com os custos da reposi\u00e7\u00e3o dos componentes (quando dispon\u00edveis no mercado) ou aquisi\u00e7\u00e3o de um novo exemplar do jogo.<\/li>\n<\/ul>\n","protected":false},"excerpt":{"rendered":"<div class=\"woocommerce-product-details__short-description\">\n<p>Em um vale polu\u00eddo, voc\u00ea se comprometeu a ajudar a natureza a recuperar o que \u00e9 dela.<br \/>\nAo longo do curso de um riacho, voc\u00ea colocar\u00e1 domin\u00f3s com animais e replantar\u00e1 as \u00e1reas<br \/>\nadjacentes para marcar pontos.<\/p>\n<p>Quando todos os domin\u00f3s tiverem sido utilizados, o jogo termina com uma \u00faltima pontua\u00e7\u00e3o<br \/>\ne o jogador que tiver mais pontos vence.<\/p>\n<\/div>\n<div class=\"more-link-wrapper\"><a class=\"more-link\" href=\"https:\/\/cabanadoelfo.com.br\/loja\/jogo\/renature\/\">Read More<span class=\"screen-reader-text\">Renature<\/span><\/a><\/div>\n","protected":false},"featured_media":1666,"comment_status":"open","ping_status":"closed","template":"","meta":[],"product_brand":[],"product_cat":[393,15],"product_tag":[],"class_list":{"0":"post-1660","1":"product","2":"type-product","3":"status-publish","4":"has-post-thumbnail","6":"product_cat-jogos-de-blocos","7":"product_cat-jogos-de-tabuleiro","8":"pa_complexidade-jogos-familiares","9":"pa_designer-michael-kiesling","10":"pa_designer-wolfgang-kramer","11":"pa_duracao-60-min","12":"pa_editora-galapagos-jogos","13":"pa_estilo-cerco-de-area","14":"pa_estilo-colocacao-de-pecas","15":"pa_estilo-controle-influencia-de-area","16":"pa_idade-133","17":"pa_idioma-portugues","18":"pa_jogadores-2-a-4","19":"pa_modo-multijogador-competitivo","20":"pa_tema-animais","21":"pa_tema-meio-ambiente","22":"entry","24":"first","25":"instock","26":"purchasable","27":"product-type-redq_rental"},"jetpack_sharing_enabled":true,"_links":{"self":[{"href":"https:\/\/cabanadoelfo.com.br\/loja\/wp-json\/wp\/v2\/product\/1660","targetHints":{"allow":["GET"]}}],"collection":[{"href":"https:\/\/cabanadoelfo.com.br\/loja\/wp-json\/wp\/v2\/product"}],"about":[{"href":"https:\/\/cabanadoelfo.com.br\/loja\/wp-json\/wp\/v2\/types\/product"}],"replies":[{"embeddable":true,"href":"https:\/\/cabanadoelfo.com.br\/loja\/wp-json\/wp\/v2\/comments?post=1660"}],"wp:featuredmedia":[{"embeddable":true,"href":"https:\/\/cabanadoelfo.com.br\/loja\/wp-json\/wp\/v2\/media\/1666"}],"wp:attachment":[{"href":"https:\/\/cabanadoelfo.com.br\/loja\/wp-json\/wp\/v2\/media?parent=1660"}],"wp:term":[{"taxonomy":"product_brand","embeddable":true,"href":"https:\/\/cabanadoelfo.com.br\/loja\/wp-json\/wp\/v2\/product_brand?post=1660"},{"taxonomy":"product_cat","embeddable":true,"href":"https:\/\/cabanadoelfo.com.br\/loja\/wp-json\/wp\/v2\/product_cat?post=1660"},{"taxonomy":"product_tag","embeddable":true,"href":"https:\/\/cabanadoelfo.com.br\/loja\/wp-json\/wp\/v2\/product_tag?post=1660"}],"curies":[{"name":"wp","href":"https:\/\/api.w.org\/{rel}","templated":true}]}}