{"id":1652,"date":"2024-01-08T19:16:26","date_gmt":"2024-01-08T22:16:26","guid":{"rendered":"https:\/\/cabanadoelfo.com.br\/loja\/?post_type=product&#038;p=1652"},"modified":"2024-04-23T20:26:54","modified_gmt":"2024-04-23T23:26:54","slug":"project-l","status":"publish","type":"product","link":"https:\/\/cabanadoelfo.com.br\/loja\/jogo\/project-l\/","title":{"rendered":"Project L"},"content":{"rendered":"<p id=\"tw-target-text\" class=\"tw-data-text tw-text-large tw-ta\" dir=\"ltr\" data-placeholder=\"Tradu\u00e7\u00e3o\" data-ved=\"2ahUKEwjPsav_3M6DAxVRuZUCHaR7BEwQ3ewLegQIBRAQ\">O objetivo do jogo \u00e9 usar suas pe\u00e7as para completar quebra-cabe\u00e7as. Come\u00e7ando com apenas duas pe\u00e7as b\u00e1sicas, voc\u00ea usa tr\u00eas a\u00e7\u00f5es a cada turno para desenvolver um motor de produ\u00e7\u00e3o poderoso. Os quebra-cabe\u00e7as que voc\u00ea completa concedem pontos de vit\u00f3ria ou novas pe\u00e7as para abastecer o seu motor de produ\u00e7\u00e3o. Com mais pe\u00e7as de v\u00e1rios tipos, voc\u00ea pode completar com efici\u00eancia at\u00e9 os quebra-cabe\u00e7as mais dif\u00edceis.<\/p>\n<p>Project L \u00e9 frequentemente comparado com o jogo eletr\u00f4nico Tetris, j\u00e1 que suas pe\u00e7as coloridas t\u00eam formas semelhantes \u00e0s dos tetramin\u00f3s presentes no jogo. Os quebra-cabe\u00e7as em Project L possuem um acabamento em baixo-relevo que permite um encaixe perfeito das pe\u00e7as coloridas feitas de acr\u00edlico, criando uma sensa\u00e7\u00e3o t\u00e1til muito agrad\u00e1vel. As pe\u00e7as de acr\u00edlico tamb\u00e9m parecem ser dur\u00e1veis e conferem um visual &#8220;limpo&#8221; e esteticamente agrad\u00e1vel ao jogo.<\/p>\n<p>Voc\u00ea conseguir\u00e1 superar seus advers\u00e1rios?<\/p>\n<p><iframe loading=\"lazy\" title=\"Project L - Aprenda rapid\u00e3o - Regras e opini\u00f5es\" width=\"500\" height=\"281\" src=\"https:\/\/www.youtube.com\/embed\/T2iQ8pA-NWY?feature=oembed\" frameborder=\"0\" allow=\"accelerometer; autoplay; clipboard-write; encrypted-media; gyroscope; picture-in-picture; web-share\" referrerpolicy=\"strict-origin-when-cross-origin\" allowfullscreen><\/iframe><\/p>\n<h2>Componentes:<\/h2>\n<ul>\n<li>1 Manual de Regras<\/li>\n<li>44 Puzzles em camada tripla<br \/>\n&#8211; 28 Puzzles Brancos<br \/>\n&#8211; 16 Puzzles Pretos<\/li>\n<li>90 Pe\u00e7as de Acr\u00edlico<br \/>\n&#8211; 10 Pe\u00e7as Level 1<br \/>\n&#8211; 10 Pe\u00e7as Level 2<br \/>\n&#8211; 20 Pe\u00e7as Level 3 (2 tipos)<br \/>\n&#8211; 50 Pe\u00e7as Level 4 (5 tipos)<\/li>\n<\/ul>\n<h2>Regras para o aluguel:<\/h2>\n<ul>\n<li>O per\u00edodo de aluguel inclui a data de entrega e devolu\u00e7\u00e3o do jogo;<\/li>\n<li>O atraso na devolu\u00e7\u00e3o dos jogos, resultar\u00e1 em cobran\u00e7a adicional no valor de um aluguel di\u00e1rio por cada dia de atraso;<\/li>\n<li>Em caso de danos que comprometam a experi\u00eancia do jogo (perda ou avaria de componentes), o cliente dever\u00e1 arcar com os custos da reposi\u00e7\u00e3o dos componentes (quando dispon\u00edveis no mercado) ou aquisi\u00e7\u00e3o de um novo exemplar do jogo.<\/li>\n<\/ul>\n","protected":false},"excerpt":{"rendered":"<div class=\"woocommerce-product-details__short-description\">\n<p>Voc\u00ea se lembra dos anos dourados dos videogames onde voc\u00ea precisava encaixar pe\u00e7as at\u00e9 elas formarem linhas e sumirem? E se alguns desses elementos fossem incorporados a um jogo de tabuleiro abstrato, com estilo minimalista e mec\u00e2nica intuitiva?<\/p>\n<p>Conhe\u00e7a Project L, uma experi\u00eancia estimulante que tornar\u00e1 suas sess\u00f5es de jogo com amigos inesquec\u00edveis. \u00c9 perfeito para amantes de quebra-cabe\u00e7as e mec\u00e2nicas sofisticadas.<\/p>\n<\/div>\n<div class=\"more-link-wrapper\"><a class=\"more-link\" href=\"https:\/\/cabanadoelfo.com.br\/loja\/jogo\/project-l\/\">Read More<span class=\"screen-reader-text\">Project L<\/span><\/a><\/div>\n","protected":false},"featured_media":1658,"comment_status":"open","ping_status":"closed","template":"","meta":[],"product_brand":[],"product_cat":[393,15],"product_tag":[],"class_list":{"0":"post-1652","1":"product","2":"type-product","3":"status-publish","4":"has-post-thumbnail","6":"product_cat-jogos-de-blocos","7":"product_cat-jogos-de-tabuleiro","8":"pa_complexidade-jogo-de-entrada","9":"pa_complexidade-jogos-familiares","10":"pa_designer-adam-spanel","11":"pa_duracao-40-min","12":"pa_editora-galapagos-jogos","13":"pa_estilo-colocacao-de-pecas","14":"pa_estilo-construcao-a-partir-de-modelo","15":"pa_estilo-contratos","16":"pa_estilo-sistema-de-pontos-de-acao","17":"pa_idade-133","18":"pa_idioma-portugues","19":"pa_jogadores-1-a-4","20":"pa_modo-multijogador-competitivo","21":"pa_tema-estrategia-abstrata","22":"pa_tema-quebra-cabeca","23":"pa_tema-video-game","24":"entry","26":"first","27":"instock","28":"purchasable","29":"product-type-redq_rental"},"jetpack_sharing_enabled":true,"_links":{"self":[{"href":"https:\/\/cabanadoelfo.com.br\/loja\/wp-json\/wp\/v2\/product\/1652","targetHints":{"allow":["GET"]}}],"collection":[{"href":"https:\/\/cabanadoelfo.com.br\/loja\/wp-json\/wp\/v2\/product"}],"about":[{"href":"https:\/\/cabanadoelfo.com.br\/loja\/wp-json\/wp\/v2\/types\/product"}],"replies":[{"embeddable":true,"href":"https:\/\/cabanadoelfo.com.br\/loja\/wp-json\/wp\/v2\/comments?post=1652"}],"wp:featuredmedia":[{"embeddable":true,"href":"https:\/\/cabanadoelfo.com.br\/loja\/wp-json\/wp\/v2\/media\/1658"}],"wp:attachment":[{"href":"https:\/\/cabanadoelfo.com.br\/loja\/wp-json\/wp\/v2\/media?parent=1652"}],"wp:term":[{"taxonomy":"product_brand","embeddable":true,"href":"https:\/\/cabanadoelfo.com.br\/loja\/wp-json\/wp\/v2\/product_brand?post=1652"},{"taxonomy":"product_cat","embeddable":true,"href":"https:\/\/cabanadoelfo.com.br\/loja\/wp-json\/wp\/v2\/product_cat?post=1652"},{"taxonomy":"product_tag","embeddable":true,"href":"https:\/\/cabanadoelfo.com.br\/loja\/wp-json\/wp\/v2\/product_tag?post=1652"}],"curies":[{"name":"wp","href":"https:\/\/api.w.org\/{rel}","templated":true}]}}