{"id":1469,"date":"2023-07-16T01:44:57","date_gmt":"2023-07-16T04:44:57","guid":{"rendered":"https:\/\/cabanadoelfo.com.br\/loja\/?post_type=product&#038;p=1469"},"modified":"2024-03-11T07:42:15","modified_gmt":"2024-03-11T10:42:15","slug":"harry-potter-estupefaca","status":"publish","type":"product","link":"https:\/\/cabanadoelfo.com.br\/loja\/jogo\/harry-potter-estupefaca\/","title":{"rendered":"Harry Potter: Estupefa\u00e7a"},"content":{"rendered":"<p>Coloque suas vestes de bruxo e pegue sua varinha!<\/p>\n<p>Chegou o momento que voc\u00ea tanto esperava: Bem-vindo a Hogwarts!<\/p>\n<p>Grifin\u00f3ria, Lufa-Lufa, Corvinal ou Sonserina, vista com orgulho as cores da sua Casa e fa\u00e7a jus \u00e0 sua reputa\u00e7\u00e3o. Apenas os mais espertos bruxos e bruxas ter\u00e3o parte nas recompensas! A Casa com mais pontos ao fim do jogo vence.<\/p>\n<p>\u00c9 hora da aula de du-du-du-duelos. Voc\u00ea e seus colegas precisam tentar estuporar os alunos das outras Casas para ganhar pontos e favores dos professores, para vencer mais uma temporada da Copa das Casas de Hogwarts!<\/p>\n<p><iframe loading=\"lazy\" title=\"HARRY POTTER : ESTUPEFA\u00c7A em 9 minutos\" width=\"500\" height=\"281\" src=\"https:\/\/www.youtube.com\/embed\/VZdrpNJLjPI?feature=oembed\" frameborder=\"0\" allow=\"accelerometer; autoplay; clipboard-write; encrypted-media; gyroscope; picture-in-picture; web-share\" referrerpolicy=\"strict-origin-when-cross-origin\" allowfullscreen><\/iframe><\/p>\n<h2>Componentes:<\/h2>\n<ul>\n<li>1 Livreto de Regras<\/li>\n<li>1 Tabuleiros de Pontos das Casas<\/li>\n<li>8 Varinhas<\/li>\n<li>9 Marcadores de Estandarte (2 convinal; 2 lufa-lufa; 2 sonserina; 3 grifin\u00f3ria)<\/li>\n<li>1 Marcador de Favorito<\/li>\n<li>10 Suportes Pl\u00e1sticos<\/li>\n<li>24 Fichas de Atrasado<\/li>\n<li>5 Cartas de Distribui\u00e7\u00e3o<\/li>\n<li>1 Carta Torne-se o Favorito<\/li>\n<li>1 Carta Mestre das Po\u00e7\u00f5es<\/li>\n<li>24 Mini Cartas Estupefa\u00e7a<\/li>\n<li>40 Mini Cartas Errou<\/li>\n<li>7 Cartas Atrasado<\/li>\n<li>64 Cartas de Recompensa<br \/>\n\u2013 2 Cartas Vira-Tempo<br \/>\n\u2013 2 Cartas Aulas Particulares<br \/>\n\u2013 10 Cartas Po\u00e7\u00e3o Bem-Sucedida<br \/>\n\u2013 10 Cartas Favor<br \/>\n\u2013 15 Cartas 10 Pontos<br \/>\n\u2013 15 Cartas 20 Pontos<br \/>\n\u2013 10 Cartas 40 Pontos<\/li>\n<\/ul>\n<h2>Regras para o aluguel:<\/h2>\n<ul>\n<li>O per\u00edodo de aluguel inclui a data de entrega e devolu\u00e7\u00e3o do jogo;<\/li>\n<li>O atraso na devolu\u00e7\u00e3o dos jogos, resultar\u00e1 em cobran\u00e7a adicional no valor de um aluguel di\u00e1rio por cada dia de atraso;<\/li>\n<li>Em caso de danos que comprometam a experi\u00eancia do jogo (perda ou avaria de componentes), o cliente dever\u00e1 arcar com os custos da reposi\u00e7\u00e3o dos componentes (quando dispon\u00edveis no mercado) ou aquisi\u00e7\u00e3o de um novo exemplar do jogo.<\/li>\n<\/ul>\n","protected":false},"excerpt":{"rendered":"<div class=\"woocommerce-product-details__short-description\">\n<p>O valor corresponde ao aluguel di\u00e1rio do jogo. Consulte as condi\u00e7\u00f5es abaixo.<\/p>\n<\/div>\n<div class=\"more-link-wrapper\"><a class=\"more-link\" href=\"https:\/\/cabanadoelfo.com.br\/loja\/jogo\/harry-potter-estupefaca\/\">Read More<span class=\"screen-reader-text\">Harry Potter: Estupefa\u00e7a<\/span><\/a><\/div>\n","protected":false},"featured_media":1393,"comment_status":"open","ping_status":"closed","template":"","meta":[],"product_brand":[],"product_cat":[37,15],"product_tag":[],"class_list":{"0":"post-1469","1":"product","2":"type-product","3":"status-publish","4":"has-post-thumbnail","6":"product_cat-jogo-de-cartas","7":"product_cat-jogos-de-tabuleiro","8":"pa_complexidade-jogos-familiares","9":"pa_complexidade-jogo-festivo","10":"pa_designer-ludovic-maublanc","11":"pa_duracao-30-min","12":"pa_editora-galapagos-jogos","13":"pa_estilo-acao-simultanea","14":"pa_estilo-apostas","15":"pa_estilo-blefe","16":"pa_estilo-campanha-batalhas-dirigidas-por-cartas","17":"pa_estilo-gerenciamento-de-maos","18":"pa_estilo-jogo-em-equipe","19":"pa_estilo-selecao-de-acao-simultanea","20":"pa_estilo-toma-essa","21":"pa_idade-133","22":"pa_idioma-portugues","23":"pa_jogadores-4-a-8","24":"pa_modo-multijogador-competitivo","25":"pa_modo-multijogador-semi-cooperativo","26":"pa_tema-cultura-pop-ou-geek","27":"pa_tema-geek","28":"pa_tema-literatura-livros","29":"entry","31":"first","32":"instock","33":"purchasable","34":"product-type-redq_rental"},"jetpack_sharing_enabled":true,"_links":{"self":[{"href":"https:\/\/cabanadoelfo.com.br\/loja\/wp-json\/wp\/v2\/product\/1469","targetHints":{"allow":["GET"]}}],"collection":[{"href":"https:\/\/cabanadoelfo.com.br\/loja\/wp-json\/wp\/v2\/product"}],"about":[{"href":"https:\/\/cabanadoelfo.com.br\/loja\/wp-json\/wp\/v2\/types\/product"}],"replies":[{"embeddable":true,"href":"https:\/\/cabanadoelfo.com.br\/loja\/wp-json\/wp\/v2\/comments?post=1469"}],"wp:featuredmedia":[{"embeddable":true,"href":"https:\/\/cabanadoelfo.com.br\/loja\/wp-json\/wp\/v2\/media\/1393"}],"wp:attachment":[{"href":"https:\/\/cabanadoelfo.com.br\/loja\/wp-json\/wp\/v2\/media?parent=1469"}],"wp:term":[{"taxonomy":"product_brand","embeddable":true,"href":"https:\/\/cabanadoelfo.com.br\/loja\/wp-json\/wp\/v2\/product_brand?post=1469"},{"taxonomy":"product_cat","embeddable":true,"href":"https:\/\/cabanadoelfo.com.br\/loja\/wp-json\/wp\/v2\/product_cat?post=1469"},{"taxonomy":"product_tag","embeddable":true,"href":"https:\/\/cabanadoelfo.com.br\/loja\/wp-json\/wp\/v2\/product_tag?post=1469"}],"curies":[{"name":"wp","href":"https:\/\/api.w.org\/{rel}","templated":true}]}}