{"id":1464,"date":"2023-07-16T00:47:38","date_gmt":"2023-07-16T03:47:38","guid":{"rendered":"https:\/\/cabanadoelfo.com.br\/loja\/?post_type=product&#038;p=1464"},"modified":"2025-09-18T21:49:20","modified_gmt":"2025-09-19T00:49:20","slug":"survive-fuga-de-atlantida","status":"publish","type":"product","link":"https:\/\/cabanadoelfo.com.br\/loja\/jogo\/survive-fuga-de-atlantida\/","title":{"rendered":"Survive: Fuga de Atl\u00e2ntida!"},"content":{"rendered":"<p>A ilha de Atl\u00e2ntida est\u00e1 afundando e existem poucos barcos dispon\u00edveis para salvar seus \u00faltimos habitantes. N\u00e3o bastasse isso, o mar ao redor est\u00e1 cheio de serpentes marinhas e tubar\u00f5es em busca da pr\u00f3xima refei\u00e7\u00e3o, al\u00e9m de enormes baleias que podem destruir as embarca\u00e7\u00f5es em fuga. Qual grupo vai escapar a todos os perigos e chegar em terra firme?<\/p>\n<p>Cada jogador controla dez pessoas (no valor de 1 a 6) que eles tentam avan\u00e7ar para a seguran\u00e7a das ilhas vizinhas antes da principal ilha finalmente afundar. Os jogadores podem nadar ou usar barcos para viajar, mas deve evitar serpentes marinhas, baleias e tubar\u00f5es em seu caminho para a seguran\u00e7a.<\/p>\n<p><iframe loading=\"lazy\" title=\"Survive - Fuga de Atl\u00e2ntida - Regras - Aprenda em Minutos\" width=\"500\" height=\"281\" src=\"https:\/\/www.youtube.com\/embed\/KBL19EgZsoo?feature=oembed\" frameborder=\"0\" allow=\"accelerometer; autoplay; clipboard-write; encrypted-media; gyroscope; picture-in-picture; web-share\" referrerpolicy=\"strict-origin-when-cross-origin\" allowfullscreen><\/iframe><\/p>\n<h2>Componentes:<\/h2>\n<ul>\n<li>1 Livro de Regras<\/li>\n<li>1 Tabuleiro<\/li>\n<li>40 Pe\u00e7as de Terreno<br \/>\n\u2013 16 Pe\u00e7as de Praia<br \/>\n\u2013 16 Pe\u00e7as de Floresta<br \/>\n\u2013 8 Pe\u00e7as de Montanha<\/li>\n<li>40 Pe\u00f5es de Exploradores (10 de cada cor)<\/li>\n<li>5 Pe\u00f5es de Serpente Marinha<\/li>\n<li>6 Pe\u00f5es de Tubar\u00e3o<\/li>\n<li>5 Pe\u00f5es de Baleia<\/li>\n<li>12 Pe\u00f5es de Barco<\/li>\n<li>1 Dado de Criaturas<\/li>\n<\/ul>\n<h2>Componentes da Expans\u00e3o Golfinhos &amp; Lulas &amp; 5-6 Jogadores:<\/h2>\n<ul>\n<li>1 Folheto de Regras (Portugu\u00eas)<\/li>\n<li>1 Folheto de Regras (Ingl\u00eas)<\/li>\n<li>4 Pe\u00e7as de Golfinho<\/li>\n<li>5 Pe\u00e7as de Lula Gigante<\/li>\n<li>2 Dados Azuis<\/li>\n<li>1 Dado Vermelho<\/li>\n<li>20 Pe\u00f5es de Exploradores (10 laranjas e 10 brancos)<\/li>\n<\/ul>\n<h2>Regras para o aluguel:<\/h2>\n<ul>\n<li>O per\u00edodo de aluguel inclui a data de entrega e devolu\u00e7\u00e3o do jogo;<\/li>\n<li>O atraso na devolu\u00e7\u00e3o dos jogos, resultar\u00e1 em cobran\u00e7a adicional no valor de um aluguel di\u00e1rio por cada dia de atraso;<\/li>\n<li>Em caso de danos que comprometam a experi\u00eancia do jogo (perda ou avaria de componentes), o cliente dever\u00e1 arcar com os custos da reposi\u00e7\u00e3o dos componentes (quando dispon\u00edveis no mercado) ou aquisi\u00e7\u00e3o de um novo exemplar do jogo.<\/li>\n<\/ul>\n","protected":false},"excerpt":{"rendered":"<div class=\"woocommerce-product-details__short-description\">\n<p>O valor corresponde ao aluguel di\u00e1rio do jogo. Consulte as condi\u00e7\u00f5es abaixo.<\/p>\n<p><strong>Edi\u00e7\u00e3o de 30 anos!<\/strong><\/p>\n<p><strong>Inclui a Expans\u00e3o:<\/strong><\/p>\n<ul>\n<li><strong>Golfinhos &amp; Lulas &amp; <\/strong><strong>5-6 Jogadores<\/strong><\/li>\n<\/ul>\n<\/div>\n<div class=\"more-link-wrapper\"><a class=\"more-link\" href=\"https:\/\/cabanadoelfo.com.br\/loja\/jogo\/survive-fuga-de-atlantida\/\">Read More<span class=\"screen-reader-text\">Survive: Fuga de Atl\u00e2ntida!<\/span><\/a><\/div>\n","protected":false},"featured_media":1466,"comment_status":"open","ping_status":"closed","template":"","meta":[],"product_brand":[],"product_cat":[86,15],"product_tag":[],"class_list":{"0":"post-1464","1":"product","2":"type-product","3":"status-publish","4":"has-post-thumbnail","6":"product_cat-jogo-de-dados","7":"product_cat-jogos-de-tabuleiro","8":"pa_complexidade-jogos-familiares","9":"pa_designer-julian-courtland-smith","10":"pa_duracao-45-min","11":"pa_editora-conclave","12":"pa_estilo-grade-hexagonal","13":"pa_estilo-memoria","14":"pa_estilo-movimento-em-grade","15":"pa_estilo-posicionamento-secreto","16":"pa_estilo-reducao-de-mapa","17":"pa_estilo-rolagem-de-dados","18":"pa_estilo-sistema-de-pontos-de-acao","19":"pa_estilo-tabuleiro-modular","20":"pa_estilo-toma-essa","21":"pa_idade-133","22":"pa_idioma-ingles","23":"pa_idioma-portugues","24":"pa_jogadores-2-a-6","25":"pa_modo-multijogador-competitivo","26":"pa_tema-animais","27":"pa_tema-aventura","28":"pa_tema-transportes","29":"entry","31":"first","32":"instock","33":"purchasable","34":"product-type-redq_rental"},"jetpack_sharing_enabled":true,"_links":{"self":[{"href":"https:\/\/cabanadoelfo.com.br\/loja\/wp-json\/wp\/v2\/product\/1464","targetHints":{"allow":["GET"]}}],"collection":[{"href":"https:\/\/cabanadoelfo.com.br\/loja\/wp-json\/wp\/v2\/product"}],"about":[{"href":"https:\/\/cabanadoelfo.com.br\/loja\/wp-json\/wp\/v2\/types\/product"}],"replies":[{"embeddable":true,"href":"https:\/\/cabanadoelfo.com.br\/loja\/wp-json\/wp\/v2\/comments?post=1464"}],"wp:featuredmedia":[{"embeddable":true,"href":"https:\/\/cabanadoelfo.com.br\/loja\/wp-json\/wp\/v2\/media\/1466"}],"wp:attachment":[{"href":"https:\/\/cabanadoelfo.com.br\/loja\/wp-json\/wp\/v2\/media?parent=1464"}],"wp:term":[{"taxonomy":"product_brand","embeddable":true,"href":"https:\/\/cabanadoelfo.com.br\/loja\/wp-json\/wp\/v2\/product_brand?post=1464"},{"taxonomy":"product_cat","embeddable":true,"href":"https:\/\/cabanadoelfo.com.br\/loja\/wp-json\/wp\/v2\/product_cat?post=1464"},{"taxonomy":"product_tag","embeddable":true,"href":"https:\/\/cabanadoelfo.com.br\/loja\/wp-json\/wp\/v2\/product_tag?post=1464"}],"curies":[{"name":"wp","href":"https:\/\/api.w.org\/{rel}","templated":true}]}}