{"id":138,"date":"2020-11-15T15:21:34","date_gmt":"2020-11-15T18:21:34","guid":{"rendered":"https:\/\/bloopix.com.br\/cabt2\/loja\/?post_type=product&#038;p=138"},"modified":"2025-10-22T21:58:42","modified_gmt":"2025-10-23T00:58:42","slug":"bandido","status":"publish","type":"product","link":"https:\/\/cabanadoelfo.com.br\/loja\/jogo\/bandido\/","title":{"rendered":"Bandido"},"content":{"rendered":"<p>Um prisioneiro est\u00e1 tentando escapar por t\u00faneis a partir de sua cela. Voc\u00ea e sua equipe devem unir for\u00e7as e cartas para impedi-lo, fechando todas as sa\u00eddas. Mas cuidado! Suas cartas podem acabar ajudando na fuga!<br \/>\nBandido \u00e9 um jogo cooperativo de estrat\u00e9gia e observa\u00e7\u00e3o para toda a fam\u00edlia.<\/p>\n<p><iframe loading=\"lazy\" title=\"Aprenda a Jogar - Bandido\" width=\"500\" height=\"281\" src=\"https:\/\/www.youtube.com\/embed\/XVwPRN1ebDc?feature=oembed\" frameborder=\"0\" allow=\"accelerometer; autoplay; clipboard-write; encrypted-media; gyroscope; picture-in-picture; web-share\" referrerpolicy=\"strict-origin-when-cross-origin\" allowfullscreen><\/iframe><\/p>\n<h2>Componentes:<\/h2>\n<ul>\n<li>1 Folheto de Regras<\/li>\n<li>76 Cartas (45 x 90 mm)\n<ul>\n<li>70 Cartas Base<\/li>\n<li>3 Cartas Promo (Agora Vai)<\/li>\n<li>5 Cartas Promo (Miss\u00e3o Imposs\u00edvel)<\/li>\n<li>1 Carta Promo (Miss\u00e3o Imposs\u00edvel 2)<\/li>\n<\/ul>\n<\/li>\n<\/ul>\n<h2>Regras para o aluguel:<\/h2>\n<ul>\n<li>O per\u00edodo de aluguel inclui a data de entrega e devolu\u00e7\u00e3o do jogo;<\/li>\n<li>O atraso na devolu\u00e7\u00e3o dos jogos, resultar\u00e1 em cobran\u00e7a adicional no valor de um aluguel di\u00e1rio por cada dia de atraso;<\/li>\n<li>Em caso de danos que comprometam a experi\u00eancia do jogo (perda ou avaria de componentes), o cliente dever\u00e1 arcar com os custos da reposi\u00e7\u00e3o dos componentes (quando dispon\u00edveis no mercado) ou aquisi\u00e7\u00e3o de um novo exemplar do jogo.<\/li>\n<\/ul>\n","protected":false},"excerpt":{"rendered":"<p>O valor corresponde ao aluguel di\u00e1rio do jogo. Consulte as condi\u00e7\u00f5es abaixo.<\/p>\n<p><strong>Inclui a Promo:<\/strong><\/p>\n<ul>\n<li><strong>Miss\u00e3o Imposs\u00edvel<\/strong><\/li>\n<\/ul>\n<div class=\"more-link-wrapper\"><a class=\"more-link\" href=\"https:\/\/cabanadoelfo.com.br\/loja\/jogo\/bandido\/\">Read More<span class=\"screen-reader-text\">Bandido<\/span><\/a><\/div>\n","protected":false},"featured_media":1280,"comment_status":"open","ping_status":"closed","template":"","meta":[],"product_brand":[],"product_cat":[37],"product_tag":[],"class_list":{"0":"post-138","1":"product","2":"type-product","3":"status-publish","4":"has-post-thumbnail","6":"product_cat-jogo-de-cartas","7":"pa_complexidade-jogo-de-entrada","8":"pa_complexidade-jogos-familiares","9":"pa_complexidade-jogo-festivo","10":"pa_complexidade-jogos-infantis","11":"pa_designer-martin-nedergaard-andersen","12":"pa_duracao-15-min","13":"pa_editora-papergames","14":"pa_estilo-colocacao-de-pecas","15":"pa_estilo-construcao-de-rotas","16":"pa_idade-50","17":"pa_idioma-portugues","18":"pa_jogadores-1-a-4","19":"pa_modo-multijogador-cooperativo","20":"pa_tema-faroeste","21":"entry","23":"first","24":"instock","25":"purchasable","26":"product-type-redq_rental"},"jetpack_sharing_enabled":true,"_links":{"self":[{"href":"https:\/\/cabanadoelfo.com.br\/loja\/wp-json\/wp\/v2\/product\/138","targetHints":{"allow":["GET"]}}],"collection":[{"href":"https:\/\/cabanadoelfo.com.br\/loja\/wp-json\/wp\/v2\/product"}],"about":[{"href":"https:\/\/cabanadoelfo.com.br\/loja\/wp-json\/wp\/v2\/types\/product"}],"replies":[{"embeddable":true,"href":"https:\/\/cabanadoelfo.com.br\/loja\/wp-json\/wp\/v2\/comments?post=138"}],"wp:featuredmedia":[{"embeddable":true,"href":"https:\/\/cabanadoelfo.com.br\/loja\/wp-json\/wp\/v2\/media\/1280"}],"wp:attachment":[{"href":"https:\/\/cabanadoelfo.com.br\/loja\/wp-json\/wp\/v2\/media?parent=138"}],"wp:term":[{"taxonomy":"product_brand","embeddable":true,"href":"https:\/\/cabanadoelfo.com.br\/loja\/wp-json\/wp\/v2\/product_brand?post=138"},{"taxonomy":"product_cat","embeddable":true,"href":"https:\/\/cabanadoelfo.com.br\/loja\/wp-json\/wp\/v2\/product_cat?post=138"},{"taxonomy":"product_tag","embeddable":true,"href":"https:\/\/cabanadoelfo.com.br\/loja\/wp-json\/wp\/v2\/product_tag?post=138"}],"curies":[{"name":"wp","href":"https:\/\/api.w.org\/{rel}","templated":true}]}}