{"id":1133,"date":"2023-01-26T17:23:52","date_gmt":"2023-01-26T20:23:52","guid":{"rendered":"https:\/\/cabanadoelfo.com.br\/loja\/?post_type=product&#038;p=1133"},"modified":"2024-09-18T14:52:59","modified_gmt":"2024-09-18T17:52:59","slug":"uno-stacko","status":"publish","type":"product","link":"https:\/\/cabanadoelfo.com.br\/loja\/jogo\/uno-stacko\/","title":{"rendered":"Uno Stacko"},"content":{"rendered":"<p>Um jogo de 2 \u00e0 10 pessoas, onde eles t\u00eam que tomar cuidado para n\u00e3o derrubar a torre! Quanto mais alta fica a torre, mais dif\u00edcil de conseguir ganhar.<\/p>\n<p>Use os blocos de a\u00e7\u00e3o contra seus oponentes!<\/p>\n<p><iframe loading=\"lazy\" title=\"Como jogar Uno Stacko\" width=\"500\" height=\"281\" src=\"https:\/\/www.youtube.com\/embed\/YEL0tvOJXus?feature=oembed\" frameborder=\"0\" allow=\"accelerometer; autoplay; clipboard-write; encrypted-media; gyroscope; picture-in-picture; web-share\" referrerpolicy=\"strict-origin-when-cross-origin\" allowfullscreen><\/iframe><\/p>\n<h2>Componentes:<\/h2>\n<ul>\n<li>1 Folheto de Regras<\/li>\n<li>45 Blocos Coloridos<\/li>\n<\/ul>\n<h2>Regras para o aluguel:<\/h2>\n<ul>\n<li>O per\u00edodo de aluguel inclui a data de entrega e devolu\u00e7\u00e3o do jogo;<\/li>\n<li>O atraso na devolu\u00e7\u00e3o dos jogos, resultar\u00e1 em cobran\u00e7a adicional no valor de um aluguel di\u00e1rio por cada dia de atraso;<\/li>\n<li>Em caso de danos que comprometam a experi\u00eancia do jogo (perda ou avaria de componentes), o cliente dever\u00e1 arcar com os custos da reposi\u00e7\u00e3o dos componentes (quando dispon\u00edveis no mercado) ou aquisi\u00e7\u00e3o de um novo exemplar do jogo.<\/li>\n<\/ul>\n","protected":false},"excerpt":{"rendered":"<div class=\"woocommerce-product-details__short-description\">\n<p>Uno Stacko, um jogo baseado em Uno e Jenga juntos! Divers\u00e3o r\u00e1pida para todos!<\/p>\n<\/div>\n<div class=\"more-link-wrapper\"><a class=\"more-link\" href=\"https:\/\/cabanadoelfo.com.br\/loja\/jogo\/uno-stacko\/\">Read More<span class=\"screen-reader-text\">Uno Stacko<\/span><\/a><\/div>\n","protected":false},"featured_media":1140,"comment_status":"open","ping_status":"closed","template":"","meta":[],"product_brand":[],"product_cat":[393],"product_tag":[],"class_list":{"0":"post-1133","1":"product","2":"type-product","3":"status-publish","4":"has-post-thumbnail","6":"product_cat-jogos-de-blocos","7":"pa_complexidade-jogo-de-entrada","8":"pa_complexidade-jogos-familiares","9":"pa_complexidade-jogo-festivo","10":"pa_designer-jim-keifer","11":"pa_duracao-20-min","12":"pa_editora-mattel","13":"pa_estilo-colocacao-de-pecas","14":"pa_estilo-construcao-a-partir-de-modelo","15":"pa_estilo-eliminacao-de-jogadores","16":"pa_estilo-force-sua-sorte","17":"pa_estilo-toma-essa","18":"pa_idade-133","19":"pa_idioma-portugues","20":"pa_jogadores-2-a-10","21":"pa_modo-multijogador-competitivo","22":"pa_tema-cultura-pop-ou-geek","23":"pa_tema-humor","24":"entry","26":"first","27":"instock","28":"purchasable","29":"product-type-redq_rental"},"jetpack_sharing_enabled":true,"_links":{"self":[{"href":"https:\/\/cabanadoelfo.com.br\/loja\/wp-json\/wp\/v2\/product\/1133","targetHints":{"allow":["GET"]}}],"collection":[{"href":"https:\/\/cabanadoelfo.com.br\/loja\/wp-json\/wp\/v2\/product"}],"about":[{"href":"https:\/\/cabanadoelfo.com.br\/loja\/wp-json\/wp\/v2\/types\/product"}],"replies":[{"embeddable":true,"href":"https:\/\/cabanadoelfo.com.br\/loja\/wp-json\/wp\/v2\/comments?post=1133"}],"wp:featuredmedia":[{"embeddable":true,"href":"https:\/\/cabanadoelfo.com.br\/loja\/wp-json\/wp\/v2\/media\/1140"}],"wp:attachment":[{"href":"https:\/\/cabanadoelfo.com.br\/loja\/wp-json\/wp\/v2\/media?parent=1133"}],"wp:term":[{"taxonomy":"product_brand","embeddable":true,"href":"https:\/\/cabanadoelfo.com.br\/loja\/wp-json\/wp\/v2\/product_brand?post=1133"},{"taxonomy":"product_cat","embeddable":true,"href":"https:\/\/cabanadoelfo.com.br\/loja\/wp-json\/wp\/v2\/product_cat?post=1133"},{"taxonomy":"product_tag","embeddable":true,"href":"https:\/\/cabanadoelfo.com.br\/loja\/wp-json\/wp\/v2\/product_tag?post=1133"}],"curies":[{"name":"wp","href":"https:\/\/api.w.org\/{rel}","templated":true}]}}